Last updated on 2025-10-25 09:49:24 CEST.
| Flavor | Version | Tinstall | Tcheck | Ttotal | Status | Flags |
|---|---|---|---|---|---|---|
| r-devel-linux-x86_64-debian-clang | 0.1.3 | 95.41 | 29.41 | 124.82 | OK | |
| r-devel-linux-x86_64-debian-gcc | 0.1.3 | 77.16 | 23.25 | 100.41 | OK | |
| r-devel-linux-x86_64-fedora-clang | 0.1.3 | 177.00 | 14.03 | 191.03 | OK | |
| r-devel-linux-x86_64-fedora-gcc | 0.1.3 | 115.00 | 75.53 | 190.53 | OK | |
| r-devel-windows-x86_64 | 0.1.3 | 104.00 | 65.00 | 169.00 | OK | |
| r-patched-linux-x86_64 | 0.1.3 | 98.26 | 27.13 | 125.39 | OK | |
| r-release-linux-x86_64 | 0.1.3 | 98.62 | 26.75 | 125.37 | OK | |
| r-release-macos-arm64 | 0.1.3 | 31.00 | 16.00 | 47.00 | OK | |
| r-release-macos-x86_64 | 0.1.3 | 67.00 | 34.00 | 101.00 | OK | |
| r-release-windows-x86_64 | 0.1.3 | 108.00 | 68.00 | 176.00 | OK | |
| r-oldrel-macos-arm64 | 0.1.3 | 42.00 | 24.00 | 66.00 | NOTE | |
| r-oldrel-macos-x86_64 | 0.1.3 | 67.00 | 35.00 | 102.00 | NOTE | |
| r-oldrel-windows-x86_64 | 0.1.3 | 132.00 | 81.00 | 213.00 | OK |
Version: 0.1.3
Check: installed package size
Result: NOTE
installed size is 6.1Mb
sub-directories of 1Mb or more:
help 2.5Mb
libs 3.5Mb
Flavors: r-oldrel-macos-arm64, r-oldrel-macos-x86_64