Last updated on 2025-11-09 09:48:36 CET.
| Flavor | Version | Tinstall | Tcheck | Ttotal | Status | Flags |
|---|---|---|---|---|---|---|
| r-devel-linux-x86_64-debian-clang | 2.2.15 | 266.67 | 68.88 | 335.55 | OK | |
| r-devel-linux-x86_64-debian-gcc | 2.2.15 | 232.65 | 69.15 | 301.80 | OK | |
| r-devel-linux-x86_64-fedora-clang | 2.2.15 | 1200.00 | -665.96 | 534.04 | OK | |
| r-devel-linux-x86_64-fedora-gcc | 2.2.15 | 1020.00 | -339.81 | 680.19 | OK | |
| r-devel-windows-x86_64 | 2.2.15 | 231.00 | 116.00 | 347.00 | OK | |
| r-patched-linux-x86_64 | 2.2.14 | 269.09 | 88.06 | 357.15 | OK | |
| r-release-linux-x86_64 | 2.2.15 | 303.02 | 91.73 | 394.75 | OK | |
| r-release-macos-arm64 | 2.2.15 | 113.00 | 33.00 | 146.00 | OK | |
| r-release-macos-x86_64 | 2.2.15 | 209.00 | 66.00 | 275.00 | OK | |
| r-release-windows-x86_64 | 2.2.15 | 231.00 | 116.00 | 347.00 | OK | |
| r-oldrel-macos-arm64 | 2.2.15 | 113.00 | 37.00 | 150.00 | NOTE | |
| r-oldrel-macos-x86_64 | 2.2.15 | 225.00 | 75.00 | 300.00 | NOTE | |
| r-oldrel-windows-x86_64 | 2.2.15 | 221.00 | 144.00 | 365.00 | OK |
Version: 2.2.15
Check: installed package size
Result: NOTE
installed size is 135.8Mb
sub-directories of 1Mb or more:
libs 135.4Mb
Flavors: r-oldrel-macos-arm64, r-oldrel-macos-x86_64