Last updated on 2025-11-02 09:48:28 CET.
| Flavor | Version | Tinstall | Tcheck | Ttotal | Status | Flags |
|---|---|---|---|---|---|---|
| r-devel-linux-x86_64-debian-clang | 1.6.0 | 23.01 | 149.36 | 172.37 | NOTE | |
| r-devel-linux-x86_64-debian-gcc | 1.6.0 | 13.63 | 100.87 | 114.50 | NOTE | |
| r-devel-linux-x86_64-fedora-clang | 1.6.0 | 51.00 | 212.67 | 263.67 | NOTE | |
| r-devel-linux-x86_64-fedora-gcc | 1.6.0 | 48.00 | 192.44 | 240.44 | NOTE | |
| r-devel-windows-x86_64 | 1.6.0 | 23.00 | 178.00 | 201.00 | NOTE | |
| r-patched-linux-x86_64 | 1.6.0 | 24.66 | 138.44 | 163.10 | NOTE | |
| r-release-linux-x86_64 | 1.6.0 | 19.22 | 138.09 | 157.31 | NOTE | |
| r-release-macos-arm64 | 1.6.0 | 8.00 | 50.00 | 58.00 | NOTE | |
| r-release-macos-x86_64 | 1.6.0 | 18.00 | 92.00 | 110.00 | NOTE | |
| r-release-windows-x86_64 | 1.6.0 | 24.00 | 174.00 | 198.00 | NOTE | |
| r-oldrel-macos-arm64 | 1.6.0 | 5.00 | 35.00 | 40.00 | OK | |
| r-oldrel-macos-x86_64 | 1.6.0 | 9.00 | 57.00 | 66.00 | OK | |
| r-oldrel-windows-x86_64 | 1.6.0 | 36.00 | 224.00 | 260.00 | OK |
Version: 1.6.0
Check: DESCRIPTION meta-information
Result: NOTE
Missing dependency on R >= 4.1.0 because package code uses the pipe
|> or function shorthand \(...) syntax added in R 4.1.0.
File(s) using such syntax:
‘chadwick_installation.R’
Flavors: r-devel-linux-x86_64-debian-clang, r-devel-linux-x86_64-debian-gcc, r-devel-linux-x86_64-fedora-clang, r-devel-linux-x86_64-fedora-gcc, r-devel-windows-x86_64, r-patched-linux-x86_64, r-release-linux-x86_64, r-release-macos-arm64, r-release-macos-x86_64, r-release-windows-x86_64