Last updated on 2025-10-26 08:48:40 CET.
| Flavor | Version | Tinstall | Tcheck | Ttotal | Status | Flags |
|---|---|---|---|---|---|---|
| r-devel-linux-x86_64-debian-clang | 1.1 | 8.92 | 81.09 | 90.01 | OK | |
| r-devel-linux-x86_64-debian-gcc | 1.1 | 5.86 | 59.81 | 65.67 | OK | |
| r-devel-linux-x86_64-fedora-clang | 1.1 | 33.00 | 110.65 | 143.65 | NOTE | |
| r-devel-linux-x86_64-fedora-gcc | 1.1 | 19.00 | 126.03 | 145.03 | NOTE | |
| r-devel-windows-x86_64 | 1.1 | 9.00 | 85.00 | 94.00 | OK | |
| r-patched-linux-x86_64 | 1.1 | 8.62 | 75.63 | 84.25 | OK | |
| r-release-linux-x86_64 | 1.1 | 8.44 | 77.06 | 85.50 | OK | |
| r-release-macos-arm64 | 1.1 | 4.00 | 50.00 | 54.00 | OK | |
| r-release-macos-x86_64 | 1.1 | 12.00 | 105.00 | 117.00 | OK | |
| r-release-windows-x86_64 | 1.1 | 11.00 | 86.00 | 97.00 | OK | |
| r-oldrel-macos-arm64 | 1.1 | 5.00 | 49.00 | 54.00 | OK | |
| r-oldrel-macos-x86_64 | 1.1 | 6.00 | 72.00 | 78.00 | OK | |
| r-oldrel-windows-x86_64 | 1.1 | 13.00 | 113.00 | 126.00 | OK |
Version: 1.1
Check: dependencies in R code
Result: NOTE
Namespace in Imports field not imported from: ‘dplyr’
All declared Imports should be used.
Flavors: r-devel-linux-x86_64-fedora-clang, r-devel-linux-x86_64-fedora-gcc