Last updated on 2025-10-23 09:50:39 CEST.
| Flavor | Version | Tinstall | Tcheck | Ttotal | Status | Flags |
|---|---|---|---|---|---|---|
| r-devel-linux-x86_64-debian-clang | 0.1.0 | 1.68 | 22.28 | 23.96 | OK | |
| r-devel-linux-x86_64-debian-gcc | 0.1.0 | 1.36 | 18.32 | 19.68 | OK | |
| r-devel-linux-x86_64-fedora-clang | 0.1.0 | 35.35 | OK | |||
| r-devel-linux-x86_64-fedora-gcc | 0.1.0 | 32.81 | OK | |||
| r-devel-windows-x86_64 | 0.1.0 | 4.00 | 40.00 | 44.00 | OK | |
| r-patched-linux-x86_64 | 0.1.0 | 1.77 | 20.35 | 22.12 | OK | |
| r-release-linux-x86_64 | 0.1.0 | 1.41 | 20.40 | 21.81 | OK | |
| r-release-macos-arm64 | 0.1.0 | 1.00 | 17.00 | 18.00 | OK | |
| r-release-macos-x86_64 | 0.1.0 | 2.00 | 23.00 | 25.00 | OK | |
| r-release-windows-x86_64 | 0.1.0 | 4.00 | 41.00 | 45.00 | OK | |
| r-oldrel-macos-arm64 | 0.1.0 | 1.00 | 16.00 | 17.00 | NOTE | |
| r-oldrel-macos-x86_64 | 0.1.0 | 1.00 | 22.00 | 23.00 | NOTE | |
| r-oldrel-windows-x86_64 | 0.1.0 | 4.00 | 45.00 | 49.00 | NOTE |
Version: 0.1.0
Check: LazyData
Result: NOTE
'LazyData' is specified without a 'data' directory
Flavors: r-oldrel-macos-arm64, r-oldrel-macos-x86_64, r-oldrel-windows-x86_64