Last updated on 2025-10-22 09:50:28 CEST.
Flavor | Version | Tinstall | Tcheck | Ttotal | Status | Flags |
---|---|---|---|---|---|---|
r-devel-linux-x86_64-debian-clang | 2.6.0 | 11.76 | 227.56 | 239.32 | NOTE | |
r-devel-linux-x86_64-debian-gcc | 2.6.0 | 8.25 | 142.06 | 150.31 | NOTE | |
r-devel-linux-x86_64-fedora-clang | 2.6.0 | 69.00 | 355.52 | 424.52 | OK | |
r-devel-linux-x86_64-fedora-gcc | 2.6.0 | 27.00 | 349.89 | 376.89 | OK | |
r-devel-windows-x86_64 | 2.6.0 | 12.00 | 197.00 | 209.00 | OK | |
r-patched-linux-x86_64 | 2.6.0 | 12.52 | 212.74 | 225.26 | OK | |
r-release-linux-x86_64 | 2.6.0 | 9.53 | 215.18 | 224.71 | OK | |
r-release-macos-arm64 | 2.6.0 | 5.00 | 97.00 | 102.00 | OK | |
r-release-macos-x86_64 | 2.6.0 | 10.00 | 185.00 | 195.00 | OK | |
r-release-windows-x86_64 | 2.6.0 | 13.00 | 196.00 | 209.00 | OK | |
r-oldrel-macos-arm64 | 2.6.0 | 5.00 | 90.00 | 95.00 | OK | |
r-oldrel-macos-x86_64 | 2.6.0 | 10.00 | 180.00 | 190.00 | OK | |
r-oldrel-windows-x86_64 | 2.6.0 | 18.00 | 272.00 | 290.00 | OK |
Version: 2.6.0
Check: HTML version of manual
Result: NOTE
Found the following HTML validation problems:
coef.html:73:1 (coef.Rd:30): Warning: missing </ul> before </div>
print.html:68:1 (print.Rd:25): Warning: missing </ul> before </div>
summary.html:74:1 (summary.Rd:29): Warning: missing </ul> before </div>
Flavors: r-devel-linux-x86_64-debian-clang, r-devel-linux-x86_64-debian-gcc