Last updated on 2025-11-01 08:49:39 CET.
| Flavor | Version | Tinstall | Tcheck | Ttotal | Status | Flags |
|---|---|---|---|---|---|---|
| r-devel-linux-x86_64-debian-clang | 1.1.0 | 3.52 | 38.51 | 42.03 | NOTE | |
| r-devel-linux-x86_64-debian-gcc | 1.1.0 | 3.05 | 28.19 | 31.24 | NOTE | |
| r-devel-linux-x86_64-fedora-clang | 1.1.0 | 22.00 | 45.32 | 67.32 | OK | |
| r-devel-linux-x86_64-fedora-gcc | 1.1.0 | 27.00 | 54.64 | 81.64 | OK | |
| r-devel-windows-x86_64 | 1.1.0 | 6.00 | 60.00 | 66.00 | OK | |
| r-patched-linux-x86_64 | 1.1.0 | 4.99 | 35.89 | 40.88 | OK | |
| r-release-linux-x86_64 | 1.1.0 | 4.74 | 36.76 | 41.50 | OK | |
| r-release-macos-arm64 | 1.1.0 | 2.00 | 34.00 | 36.00 | OK | |
| r-release-macos-x86_64 | 1.1.0 | 5.00 | 87.00 | 92.00 | OK | |
| r-release-windows-x86_64 | 1.1.0 | 7.00 | 61.00 | 68.00 | OK | |
| r-oldrel-macos-arm64 | 1.1.0 | 2.00 | 26.00 | 28.00 | OK | |
| r-oldrel-macos-x86_64 | 1.1.0 | 3.00 | 55.00 | 58.00 | OK | |
| r-oldrel-windows-x86_64 | 1.1.0 | 8.00 | 70.00 | 78.00 | OK |
Version: 1.1.0
Check: CRAN incoming feasibility
Result: NOTE
Maintainer: ‘Zuguang Gu <z.gu@dkfz.de>’
No Authors@R field in DESCRIPTION.
Please add one, modifying
Authors@R: person(given = "Zuguang",
family = "Gu",
role = c("aut", "cre"),
email = "z.gu@dkfz.de")
as necessary.
Flavors: r-devel-linux-x86_64-debian-clang, r-devel-linux-x86_64-debian-gcc