Last updated on 2025-11-03 09:49:25 CET.
| Flavor | Version | Tinstall | Tcheck | Ttotal | Status | Flags | 
|---|---|---|---|---|---|---|
| r-devel-linux-x86_64-debian-clang | 2.0 | 123.02 | 52.15 | 175.17 | OK | |
| r-devel-linux-x86_64-debian-gcc | 2.0 | 77.09 | 39.76 | 116.85 | OK | |
| r-devel-linux-x86_64-fedora-clang | 2.0 | 173.00 | 145.74 | 318.74 | OK | |
| r-devel-linux-x86_64-fedora-gcc | 2.0 | 164.00 | 136.12 | 300.12 | OK | |
| r-devel-windows-x86_64 | 2.0 | 137.00 | 100.00 | 237.00 | OK | |
| r-patched-linux-x86_64 | 2.0 | 124.78 | 48.34 | 173.12 | OK | |
| r-release-linux-x86_64 | 2.0 | 119.64 | 49.36 | 169.00 | OK | |
| r-release-macos-arm64 | 2.0 | 45.00 | 44.00 | 89.00 | OK | |
| r-release-macos-x86_64 | 2.0 | 39.00 | 65.00 | 104.00 | OK | |
| r-release-windows-x86_64 | 2.0 | 136.00 | 100.00 | 236.00 | OK | |
| r-oldrel-macos-arm64 | 2.0 | 36.00 | 38.00 | 74.00 | NOTE | |
| r-oldrel-macos-x86_64 | 2.0 | 63.00 | 75.00 | 138.00 | NOTE | |
| r-oldrel-windows-x86_64 | 2.0 | 160.00 | 120.00 | 280.00 | OK | 
Version: 2.0
Check: installed package size
Result: NOTE
    installed size is  9.1Mb
    sub-directories of 1Mb or more:
      libs   8.0Mb
Flavors: r-oldrel-macos-arm64, r-oldrel-macos-x86_64