Last updated on 2025-10-21 09:48:27 CEST.
Flavor | Version | Tinstall | Tcheck | Ttotal | Status | Flags |
---|---|---|---|---|---|---|
r-devel-linux-x86_64-debian-clang | 1.0 | 1214.72 | 220.88 | 1435.60 | OK | |
r-devel-linux-x86_64-debian-gcc | 1.0 | 1093.57 | 252.02 | 1345.59 | NOTE | |
r-devel-linux-x86_64-fedora-clang | 1.0 | 2395.00 | NOTE | |||
r-devel-linux-x86_64-fedora-gcc | 1.0 | 3208.21 | NOTE | |||
r-devel-windows-x86_64 | 1.0 | 1384.00 | 381.00 | 1765.00 | OK | |
r-patched-linux-x86_64 | 1.0 | 1491.96 | 346.63 | 1838.59 | OK | |
r-release-linux-x86_64 | 1.0 | 1489.41 | 349.07 | 1838.48 | OK | |
r-release-macos-arm64 | 1.0 | 688.00 | OK | |||
r-release-macos-x86_64 | 1.0 | 676.00 | OK | |||
r-release-windows-x86_64 | 1.0 | 1387.00 | 376.00 | 1763.00 | OK | |
r-oldrel-macos-arm64 | 1.0 | 338.00 | NOTE | |||
r-oldrel-macos-x86_64 | 1.0 | 271.00 | NOTE | |||
r-oldrel-windows-x86_64 | 1.0 | 1534.00 | 442.00 | 1976.00 | NOTE |
Version: 1.0
Check: HTML version of manual
Result: NOTE
Found the following HTML validation problems:
bayesianFactor.html:445:1 (bayesianFactor.Rd:260): Warning: missing </ul> before </div>
bayesianFactor.html:207:1 (bayesianFactor.Rd:114): Warning: <h5> anchor "Usage" already defined
bayesianFactor.html:213:1 (bayesianFactor.Rd:118): Warning: <h5> anchor "Arguments" already defined
bayesianFactor.html:238:1 (bayesianFactor.Rd:133): Warning: <h5> anchor "Usage" already defined
bayesianFactor.html:244:1 (bayesianFactor.Rd:137): Warning: <h5> anchor "Arguments" already defined
bayesianFactor.html:269:1 (bayesianFactor.Rd:152): Warning: <h5> anchor "Usage" already defined
bayesianFactor.html:286:1 (bayesianFactor.Rd:163): Warning: <h5> anchor "Usage" already defined
bayesianFactor.html:302:1 (bayesianFactor.Rd:173): Warning: <h5> anchor "Usage" already defined
bayesianFactor.html:308:1 (bayesianFactor.Rd:177): Warning: <h5> anchor "Arguments" already defined
bayesianFactor.html:327:1 (bayesianFactor.Rd:190): Warning: <h5> anchor "Returns" already defined
bayesianFactor.html:344:1 (bayesianFactor.Rd:199): Warning: <h5> anchor "Usage" already defined
bayesianFactor.html:350:1 (bayesianFactor.Rd:203): Warning: <h5> anchor "Arguments" already defined
bayesianFactor.html:382:1 (bayesianFactor.Rd:225): Warning: <h5> anchor "Usage" already defined
bayesianFactor.html:388:1 (bayesianFactor.Rd:229): Warning: <h5> anchor "Arguments" already defined
bayesianFactor.html:404:1 (bayesianFactor.Rd:239): Warning: <h5> anchor "Returns" already defined
bayesianFactor.html:422:1 (bayesianFactor.Rd:249): Warning: <h5> anchor "Usage" already defined
bayesianFactor.html:428:1 (bayesianFactor.Rd:253): Warning: <h5> anchor "Arguments" already defined
bayesianSynth.html:574:1 (bayesianSynth.Rd:344): Warning: missing </ul> before </div>
bayesianSynth.html:236:1 (bayesianSynth.Rd:140): Warning: <h5> anchor "Usage" already defined
bayesianSynth.html:242:1 (bayesianSynth.Rd:144): Warning: <h5> anchor "Arguments" already defined
bayesianSynth.html:265:1 (bayesianSynth.Rd:157): Warning: <h5> anchor "Usage" already defined
bayesianSynth.html:271:1 (bayesianSynth.Rd:161): Warning: <h5> anchor "Arguments" already defined
bayesianSynth.html:295:1 (bayesianSynth.Rd:175): Warning: <h5> anchor "Usage" already defined
bayesianSynth.html:312:1 (bayesianSynth.Rd:186): Warning: <h5> anchor "Usage" already defined
bayesianSynth.html:318:1 (bayesianSynth.Rd:190): Warning: <h5> anchor "Arguments" already defined
bayesianSynth.html:344:1 (bayesianSynth.Rd:206): Warning: <h5> anchor "Usage" already defined
bayesianSynth.html:350:1 (bayesianSynth.Rd:210): Warning: <h5> anchor "Arguments" already defined
bayesianSynth.html:365:1 (bayesianSynth.Rd:219): Warning: <h5> anchor "Returns" already defined
bayesianSynth.html:382:1 (bayesianSynth.Rd:228): Warning: <h5> anchor "Usage" already defined
bayesianSynth.html:388:1 (bayesianSynth.Rd:232): Warning: <h5> anchor "Arguments" already defined
bayesianSynth.html:407:1 (bayesianSynth.Rd:245): Warning: <h5> anchor "Returns" already defined
bayesianSynth.html:425:1 (bayesianSynth.Rd:255): Warning: <h5> anchor "Usage" already defined
bayesianSynth.html:431:1 (bayesianSynth.Rd:259): Warning: <h5> anchor "Arguments" already defined
bayesianSynth.html:450:1 (bayesianSynth.Rd:272): Warning: <h5> anchor "Returns" already defined
bayesianSynth.html:468:1 (bayesianSynth.Rd:282): Warning: <h5> anchor "Usage" already defined
bayesianSynth.html:474:1 (bayesianSynth.Rd:286): Warning: <h5> anchor "Arguments" already defined
bayesianSynth.html:505:1 (bayesianSynth.Rd:307): Warning: <h5> anchor "Usage" already defined
bayesianSynth.html:511:1 (bayesianSynth.Rd:311): Warning: <h5> anchor "Returns" already defined
bayesianSynth.html:528:1 (bayesianSynth.Rd:320): Warning: <h5> anchor "Usage" already defined
bayesianSynth.html:534:1 (bayesianSynth.Rd:324): Warning: <h5> anchor "Returns" already defined
bayesianSynth.html:551:1 (bayesianSynth.Rd:333): Warning: <h5> anchor "Usage" already defined
bayesianSynth.html:557:1 (bayesianSynth.Rd:337): Warning: <h5> anchor "Arguments" already defined
Flavor: r-devel-linux-x86_64-debian-gcc
Version: 1.0
Check: dependencies in R code
Result: NOTE
Namespaces in Imports field not imported from:
‘R6’ ‘RcppParallel’ ‘purrr’ ‘rstantools’ ‘scales’ ‘vizdraws’
All declared Imports should be used.
Flavors: r-devel-linux-x86_64-fedora-clang, r-devel-linux-x86_64-fedora-gcc
Version: 1.0
Check: installed package size
Result: NOTE
installed size is 173.7Mb
sub-directories of 1Mb or more:
libs 172.8Mb
Flavors: r-oldrel-macos-arm64, r-oldrel-macos-x86_64, r-oldrel-windows-x86_64
Version: 1.0
Check: for GNU extensions in Makefiles
Result: NOTE
GNU make is a SystemRequirements.
Flavors: r-oldrel-macos-arm64, r-oldrel-macos-x86_64, r-oldrel-windows-x86_64