Last updated on 2025-10-21 09:48:27 CEST.
Flavor | Version | Tinstall | Tcheck | Ttotal | Status | Flags |
---|---|---|---|---|---|---|
r-devel-linux-x86_64-debian-clang | 3.5.1 | 14.66 | 231.23 | 245.89 | OK | |
r-devel-linux-x86_64-debian-gcc | 3.5.1 | 9.70 | 154.82 | 164.52 | NOTE | |
r-devel-linux-x86_64-fedora-clang | 3.5.1 | 413.47 | OK | |||
r-devel-linux-x86_64-fedora-gcc | 3.5.1 | 390.75 | OK | |||
r-devel-windows-x86_64 | 3.5.1 | 16.00 | 256.00 | 272.00 | OK | |
r-patched-linux-x86_64 | 3.5.1 | 15.55 | 223.23 | 238.78 | OK | |
r-release-linux-x86_64 | 3.5.1 | 13.69 | 222.80 | 236.49 | OK | |
r-release-macos-arm64 | 3.5.1 | 114.00 | OK | |||
r-release-macos-x86_64 | 3.5.1 | 290.00 | OK | |||
r-release-windows-x86_64 | 3.5.1 | 16.00 | 263.00 | 279.00 | OK | |
r-oldrel-macos-arm64 | 3.5.1 | 117.00 | OK | |||
r-oldrel-macos-x86_64 | 3.5.1 | 224.00 | OK | |||
r-oldrel-windows-x86_64 | 3.5.1 | 24.00 | 322.00 | 346.00 | OK |
Version: 3.5.1
Check: HTML version of manual
Result: NOTE
Found the following HTML validation problems:
checkWeights.html:46:1 (checkWeights.Rd:10): Warning: missing </ul> before </div>
plotCnorm.html:56:1 (plotCnorm.Rd:16): Warning: missing </ul> before </div>
print.cnormShash.html:51:1 (print.cnormShash.Rd:12): Warning: missing </ul> before </div>
Flavor: r-devel-linux-x86_64-debian-gcc