Last updated on 2025-10-24 09:49:58 CEST.
| Flavor | Version | Tinstall | Tcheck | Ttotal | Status | Flags |
|---|---|---|---|---|---|---|
| r-devel-linux-x86_64-debian-clang | 0.99.4 | 49.11 | 365.64 | 414.75 | NOTE | |
| r-devel-linux-x86_64-debian-gcc | 0.99.4 | 28.15 | 231.60 | 259.75 | NOTE | |
| r-devel-linux-x86_64-fedora-clang | 0.99.4 | 201.00 | 479.38 | 680.38 | OK | |
| r-devel-linux-x86_64-fedora-gcc | 0.99.4 | 202.00 | 460.66 | 662.66 | OK | |
| r-devel-windows-x86_64 | 0.99.4 | 44.00 | 287.00 | 331.00 | OK | |
| r-patched-linux-x86_64 | 0.99.4 | 45.97 | 350.06 | 396.03 | OK | |
| r-release-linux-x86_64 | 0.99.4 | 43.31 | 345.70 | 389.01 | OK | |
| r-release-macos-arm64 | 0.99.4 | 26.00 | 143.00 | 169.00 | OK | |
| r-release-macos-x86_64 | 0.99.4 | 44.00 | 262.00 | 306.00 | OK | |
| r-release-windows-x86_64 | 0.99.4 | 44.00 | 288.00 | 332.00 | OK | |
| r-oldrel-macos-arm64 | 0.99.4 | 18.00 | 112.00 | 130.00 | OK | |
| r-oldrel-macos-x86_64 | 0.99.4 | 26.00 | 179.00 | 205.00 | OK | |
| r-oldrel-windows-x86_64 | 0.99.4 | 60.00 | 407.00 | 467.00 | OK |
Version: 0.99.4
Check: CRAN incoming feasibility
Result: NOTE
Maintainer: ‘Adrien Taudiere <adrien.taudiere@tutanota.com>’
Package CITATION file contains call(s) to old-style citEntry(). Please
use bibentry() instead.
Flavors: r-devel-linux-x86_64-debian-clang, r-devel-linux-x86_64-debian-gcc