Last updated on 2025-10-24 09:49:58 CEST.
| Flavor | Version | Tinstall | Tcheck | Ttotal | Status | Flags |
|---|---|---|---|---|---|---|
| r-devel-linux-x86_64-debian-clang | 0.1.3 | 1.98 | 29.88 | 31.86 | NOTE | |
| r-devel-linux-x86_64-debian-gcc | 0.1.3 | 1.47 | 24.20 | 25.67 | NOTE | |
| r-devel-linux-x86_64-fedora-clang | 0.1.3 | 39.72 | OK | |||
| r-devel-linux-x86_64-fedora-gcc | 0.1.3 | 62.35 | OK | |||
| r-devel-windows-x86_64 | 0.1.3 | 3.00 | 43.00 | 46.00 | OK | |
| r-patched-linux-x86_64 | 0.1.3 | 1.90 | 27.87 | 29.77 | OK | |
| r-release-linux-x86_64 | 0.1.3 | 1.95 | 28.06 | 30.01 | OK | |
| r-release-macos-arm64 | 0.1.3 | 1.00 | 34.00 | 35.00 | OK | |
| r-release-macos-x86_64 | 0.1.3 | 2.00 | 40.00 | 42.00 | OK | |
| r-release-windows-x86_64 | 0.1.3 | 3.00 | 46.00 | 49.00 | OK | |
| r-oldrel-macos-arm64 | 0.1.3 | 1.00 | 27.00 | 28.00 | OK | |
| r-oldrel-macos-x86_64 | 0.1.3 | 1.00 | 38.00 | 39.00 | OK | |
| r-oldrel-windows-x86_64 | 0.1.3 | 4.00 | 54.00 | 58.00 | OK |
Version: 0.1.3
Check: CRAN incoming feasibility
Result: NOTE
Maintainer: ‘Matthew Blackwell <mblackwell@gov.harvard.edu>’
No Authors@R field in DESCRIPTION.
Please add one, modifying
Authors@R: person(given = "Matthew",
family = "Blackwell",
role = c("aut", "cre"),
email = "mblackwell@gov.harvard.edu.edu")
as necessary.
Flavors: r-devel-linux-x86_64-debian-clang, r-devel-linux-x86_64-debian-gcc
Version: 0.1.3
Check: HTML version of manual
Result: NOTE
Found the following HTML validation problems:
one.sided.html:62:1 (one.sided.Rd:24): Warning: missing </ul> before </div>
plot.causalsens.html:59:1 (plot.causalsens.Rd:17): Warning: missing </ul> before </div>
Flavor: r-devel-linux-x86_64-debian-clang