Last updated on 2025-10-31 08:50:09 CET.
| Flavor | Version | Tinstall | Tcheck | Ttotal | Status | Flags | 
|---|---|---|---|---|---|---|
| r-devel-linux-x86_64-debian-clang | 0.5.4 | 56.65 | 451.34 | 507.99 | OK | |
| r-devel-linux-x86_64-debian-gcc | 0.5.4 | 41.09 | 328.38 | 369.47 | OK | |
| r-devel-linux-x86_64-fedora-clang | 0.5.4 | 276.00 | 575.21 | 851.21 | OK | |
| r-devel-linux-x86_64-fedora-gcc | 0.5.4 | 458.00 | 376.89 | 834.89 | OK | |
| r-devel-windows-x86_64 | 0.5.4 | 57.00 | 368.00 | 425.00 | OK | |
| r-patched-linux-x86_64 | 0.5.4 | 0.33 | 1.96 | 2.29 | ERROR | |
| r-release-linux-x86_64 | 0.5.4 | 54.16 | 426.47 | 480.63 | OK | |
| r-release-macos-arm64 | 0.5.4 | 27.00 | 180.00 | 207.00 | OK | |
| r-release-macos-x86_64 | 0.5.4 | 79.00 | 406.00 | 485.00 | OK | |
| r-release-windows-x86_64 | 0.5.4 | 57.00 | 368.00 | 425.00 | OK | |
| r-oldrel-macos-arm64 | 0.5.4 | 24.00 | 182.00 | 206.00 | OK | |
| r-oldrel-macos-x86_64 | 0.5.4 | 66.00 | 412.00 | 478.00 | OK | |
| r-oldrel-windows-x86_64 | 0.5.4 | 77.00 | 517.00 | 594.00 | OK | 
Version: 0.5.4
Check: package dependencies
Result: ERROR
  Packages required but not available: 'DelayedArray', 'ensembldb'
  
  See section ‘The DESCRIPTION file’ in the ‘Writing R Extensions’
  manual.
Flavor: r-patched-linux-x86_64