CRAN Package Check Results for Package cellranger

Last updated on 2025-10-22 09:50:28 CEST.

Flavor Version Tinstall Tcheck Ttotal Status Flags
r-devel-linux-x86_64-debian-clang 1.1.0 2.32 32.36 34.68 OK
r-devel-linux-x86_64-debian-gcc 1.1.0 1.83 24.32 26.15 OK
r-devel-linux-x86_64-fedora-clang 1.1.0 38.00 OK
r-devel-linux-x86_64-fedora-gcc 1.1.0 62.68 OK
r-devel-windows-x86_64 1.1.0 4.00 51.00 55.00 OK
r-patched-linux-x86_64 1.1.0 1.86 29.34 31.20 OK
r-release-linux-x86_64 1.1.0 2.10 28.95 31.05 OK
r-release-macos-arm64 1.1.0 2.00 35.00 37.00 OK
r-release-macos-x86_64 1.1.0 2.00 51.00 53.00 OK
r-release-windows-x86_64 1.1.0 4.00 55.00 59.00 OK
r-oldrel-macos-arm64 1.1.0 1.00 24.00 25.00 NOTE
r-oldrel-macos-x86_64 1.1.0 2.00 34.00 36.00 NOTE
r-oldrel-windows-x86_64 1.1.0 5.00 60.00 65.00 NOTE

Check Details

Version: 1.1.0
Check: LazyData
Result: NOTE 'LazyData' is specified without a 'data' directory Flavors: r-oldrel-macos-arm64, r-oldrel-macos-x86_64, r-oldrel-windows-x86_64