Last updated on 2025-10-24 09:49:59 CEST.
| Flavor | Version | Tinstall | Tcheck | Ttotal | Status | Flags |
|---|---|---|---|---|---|---|
| r-devel-linux-x86_64-debian-clang | 1.0.0 | 1.77 | 22.84 | 24.61 | NOTE | |
| r-devel-linux-x86_64-debian-gcc | 1.0.0 | 1.41 | 18.90 | 20.31 | OK | |
| r-devel-linux-x86_64-fedora-clang | 1.0.0 | 23.04 | OK | |||
| r-devel-linux-x86_64-fedora-gcc | 1.0.0 | 33.77 | OK | |||
| r-devel-windows-x86_64 | 1.0.0 | 4.00 | 40.00 | 44.00 | OK | |
| r-patched-linux-x86_64 | 1.0.0 | 1.83 | 20.58 | 22.41 | OK | |
| r-release-linux-x86_64 | 1.0.0 | 1.75 | 20.27 | 22.02 | OK | |
| r-release-macos-arm64 | 1.0.0 | 1.00 | 15.00 | 16.00 | OK | |
| r-release-macos-x86_64 | 1.0.0 | 2.00 | 26.00 | 28.00 | OK | |
| r-release-windows-x86_64 | 1.0.0 | 3.00 | 42.00 | 45.00 | OK | |
| r-oldrel-macos-arm64 | 1.0.0 | 1.00 | 19.00 | 20.00 | OK | |
| r-oldrel-macos-x86_64 | 1.0.0 | 1.00 | 22.00 | 23.00 | OK | |
| r-oldrel-windows-x86_64 | 1.0.0 | 3.00 | 47.00 | 50.00 | OK |
Version: 1.0.0
Check: HTML version of manual
Result: NOTE
Found the following HTML validation problems:
render_template.html:70:1 (render_template.Rd:26): Warning: missing </ul> before </div>
Flavor: r-devel-linux-x86_64-debian-clang