Last updated on 2025-10-23 09:50:41 CEST.
| Flavor | Version | Tinstall | Tcheck | Ttotal | Status | Flags |
|---|---|---|---|---|---|---|
| r-devel-linux-x86_64-debian-clang | 0.6-3 | 5.23 | 40.18 | 45.41 | NOTE | |
| r-devel-linux-x86_64-debian-gcc | 0.6-3 | 4.61 | 33.15 | 37.76 | NOTE | |
| r-devel-linux-x86_64-fedora-clang | 0.6-3 | 48.46 | OK | |||
| r-devel-linux-x86_64-fedora-gcc | 0.6-3 | 12.00 | 62.89 | 74.89 | OK | |
| r-devel-windows-x86_64 | 0.6-3 | 10.00 | 90.00 | 100.00 | OK | |
| r-patched-linux-x86_64 | 0.6-3 | 5.18 | 37.92 | 43.10 | OK | |
| r-release-linux-x86_64 | 0.6-3 | 5.11 | 37.38 | 42.49 | OK | |
| r-release-macos-arm64 | 0.6-3 | 3.00 | 33.00 | 36.00 | OK | |
| r-release-macos-x86_64 | 0.6-3 | 6.00 | 62.00 | 68.00 | OK | |
| r-release-windows-x86_64 | 0.6-3 | 12.00 | 105.00 | 117.00 | OK | |
| r-oldrel-macos-arm64 | 0.6-3 | 4.00 | 35.00 | 39.00 | OK | |
| r-oldrel-macos-x86_64 | 0.6-3 | 3.00 | 45.00 | 48.00 | OK | |
| r-oldrel-windows-x86_64 | 0.6-3 | 10.00 | 93.00 | 103.00 | OK |
Version: 0.6-3
Check: CRAN incoming feasibility
Result: NOTE
Maintainer: ‘Drew Schmidt <wrathematics@gmail.com>’
Package CITATION file contains call(s) to old-style citEntry(). Please
use bibentry() instead.
Flavors: r-devel-linux-x86_64-debian-clang, r-devel-linux-x86_64-debian-gcc