Last updated on 2025-10-22 09:50:29 CEST.
Flavor | Version | Tinstall | Tcheck | Ttotal | Status | Flags |
---|---|---|---|---|---|---|
r-devel-linux-x86_64-debian-clang | 1.0.7 | 4.42 | 351.60 | 356.02 | NOTE | |
r-devel-linux-x86_64-debian-gcc | 1.0.7 | 3.08 | 237.33 | 240.41 | NOTE | |
r-devel-linux-x86_64-fedora-clang | 1.0.7 | 53.00 | 513.65 | 566.65 | OK | |
r-devel-linux-x86_64-fedora-gcc | 1.0.7 | 509.97 | OK | |||
r-devel-windows-x86_64 | 1.0.7 | 8.00 | 331.00 | 339.00 | OK | |
r-patched-linux-x86_64 | 1.0.7 | 4.98 | 327.46 | 332.44 | OK | |
r-release-linux-x86_64 | 1.0.7 | 4.07 | 328.56 | 332.63 | OK | |
r-release-macos-arm64 | 1.0.7 | 2.00 | 158.00 | 160.00 | OK | |
r-release-macos-x86_64 | 1.0.7 | 4.00 | 359.00 | 363.00 | OK | |
r-release-windows-x86_64 | 1.0.7 | 9.00 | 332.00 | 341.00 | OK | |
r-oldrel-macos-arm64 | 1.0.7 | 2.00 | 157.00 | 159.00 | NOTE | |
r-oldrel-macos-x86_64 | 1.0.7 | 4.00 | 337.00 | 341.00 | NOTE | |
r-oldrel-windows-x86_64 | 1.0.7 | 9.00 | 446.00 | 455.00 | NOTE |
Version: 1.0.7
Check: HTML version of manual
Result: NOTE
Found the following HTML validation problems:
get_sample_data.html:46:1 (get_sample_data.Rd:10): Warning: missing </ul> before </div>
Flavors: r-devel-linux-x86_64-debian-clang, r-devel-linux-x86_64-debian-gcc
Version: 1.0.7
Check: installed package size
Result: NOTE
installed size is 5.2Mb
sub-directories of 1Mb or more:
doc 4.7Mb
Flavors: r-oldrel-macos-arm64, r-oldrel-macos-x86_64, r-oldrel-windows-x86_64