Last updated on 2025-10-26 08:48:41 CET.
| Flavor | Version | Tinstall | Tcheck | Ttotal | Status | Flags | 
|---|---|---|---|---|---|---|
| r-devel-linux-x86_64-debian-clang | 0.5.2 | 100.73 | 38.11 | 138.84 | OK | |
| r-devel-linux-x86_64-debian-gcc | 0.5.2 | 81.86 | 37.22 | 119.08 | OK | |
| r-devel-linux-x86_64-fedora-clang | 0.5.2 | 109.00 | 61.22 | 170.22 | OK | |
| r-devel-linux-x86_64-fedora-gcc | 0.5.2 | 242.00 | 22.60 | 264.60 | OK | |
| r-devel-windows-x86_64 | 0.5.2 | 105.00 | 92.00 | 197.00 | OK | |
| r-patched-linux-x86_64 | 0.5.2 | 106.01 | 48.49 | 154.50 | OK | |
| r-release-linux-x86_64 | 0.5.2 | 115.10 | 49.05 | 164.15 | OK | |
| r-release-macos-arm64 | 0.5.2 | 43.00 | 22.00 | 65.00 | OK | |
| r-release-macos-x86_64 | 0.5.2 | 81.00 | 33.00 | 114.00 | OK | |
| r-release-windows-x86_64 | 0.5.2 | 100.00 | 85.00 | 185.00 | OK | |
| r-oldrel-macos-arm64 | 0.5.2 | 21.00 | 19.00 | 40.00 | NOTE | |
| r-oldrel-macos-x86_64 | 0.5.2 | 35.00 | 27.00 | 62.00 | NOTE | |
| r-oldrel-windows-x86_64 | 0.5.2 | 125.00 | 105.00 | 230.00 | OK | 
Version: 0.5.2
Check: installed package size
Result: NOTE
    installed size is 50.2Mb
    sub-directories of 1Mb or more:
      libs  50.1Mb
Flavors: r-oldrel-macos-arm64, r-oldrel-macos-x86_64