Last updated on 2025-10-24 09:49:59 CEST.
| Flavor | Version | Tinstall | Tcheck | Ttotal | Status | Flags |
|---|---|---|---|---|---|---|
| r-devel-linux-x86_64-debian-clang | 1.1.2 | 10.62 | 59.16 | 69.78 | NOTE | |
| r-devel-linux-x86_64-debian-gcc | 1.1.2 | 7.42 | 43.80 | 51.22 | NOTE | |
| r-devel-linux-x86_64-fedora-clang | 1.1.2 | 10.00 | 67.35 | 77.35 | NOTE | |
| r-devel-linux-x86_64-fedora-gcc | 1.1.2 | 23.00 | 77.36 | 100.36 | NOTE | |
| r-devel-windows-x86_64 | 1.1.2 | 13.00 | 76.00 | 89.00 | OK | |
| r-patched-linux-x86_64 | 1.1.2 | 10.80 | 56.28 | 67.08 | OK | |
| r-release-linux-x86_64 | 1.1.2 | 7.99 | 56.04 | 64.03 | OK | |
| r-release-macos-arm64 | 1.1.2 | 6.00 | 33.00 | 39.00 | OK | |
| r-release-macos-x86_64 | 1.1.2 | 9.00 | 53.00 | 62.00 | OK | |
| r-release-windows-x86_64 | 1.1.2 | 13.00 | 77.00 | 90.00 | OK | |
| r-oldrel-macos-arm64 | 1.1.2 | 6.00 | 30.00 | 36.00 | OK | |
| r-oldrel-macos-x86_64 | 1.1.2 | 7.00 | 40.00 | 47.00 | OK | |
| r-oldrel-windows-x86_64 | 1.1.2 | 17.00 | 90.00 | 107.00 | OK |
Version: 1.1.2
Check: CRAN incoming feasibility
Result: NOTE
Maintainer: ‘Aurelien Latouche <aurelien.latouche@cnam.fr>’
No Authors@R field in DESCRIPTION.
Please add one, modifying
Authors@R: c(person(given = "Bingqing",
family = "Zhou",
role = "aut"),
person(given = "Aurelien",
family = "Latouche",
role = c("aut", "cre"),
email = "aurelien.latouche@cnam.fr"))
as necessary.
Flavors: r-devel-linux-x86_64-debian-clang, r-devel-linux-x86_64-debian-gcc
Version: 1.1.2
Check: compiled code
Result: NOTE
File ‘crrSC/libs/crrSC.so’:
Found no calls to: ‘R_registerRoutines’, ‘R_useDynamicSymbols’
It is good practice to register native routines and to disable symbol
search.
See ‘Writing portable packages’ in the ‘Writing R Extensions’ manual.
Flavors: r-devel-linux-x86_64-fedora-clang, r-devel-linux-x86_64-fedora-gcc