Last updated on 2025-10-24 09:49:59 CEST.
| Flavor | Version | Tinstall | Tcheck | Ttotal | Status | Flags |
|---|---|---|---|---|---|---|
| r-devel-linux-x86_64-debian-clang | 2025.8.21 | 6.06 | 77.27 | 83.33 | OK | |
| r-devel-linux-x86_64-debian-gcc | 2025.8.21 | 5.05 | 58.29 | 63.34 | OK | |
| r-devel-linux-x86_64-fedora-clang | 2025.8.21 | 94.84 | OK | |||
| r-devel-linux-x86_64-fedora-gcc | 2025.8.21 | 14.00 | 113.70 | 127.70 | OK | |
| r-devel-windows-x86_64 | 2025.8.21 | 10.00 | 91.00 | 101.00 | OK | |
| r-patched-linux-x86_64 | 2025.8.21 | 6.31 | 70.86 | 77.17 | OK | |
| r-release-linux-x86_64 | 2025.8.21 | 6.10 | 70.85 | 76.95 | OK | |
| r-release-macos-arm64 | 2025.8.21 | 4.00 | 41.00 | 45.00 | OK | |
| r-release-macos-x86_64 | 2025.8.21 | 6.00 | 77.00 | 83.00 | OK | |
| r-release-windows-x86_64 | 2025.8.21 | 10.00 | 92.00 | 102.00 | OK | |
| r-oldrel-macos-arm64 | 2025.8.21 | 4.00 | 45.00 | 49.00 | NOTE | |
| r-oldrel-macos-x86_64 | 2025.8.21 | 9.00 | 96.00 | 105.00 | NOTE | |
| r-oldrel-windows-x86_64 | 2025.8.21 | 12.00 | 111.00 | 123.00 | NOTE |
Version: 2025.8.21
Check: installed package size
Result: NOTE
installed size is 6.5Mb
sub-directories of 1Mb or more:
data 4.6Mb
doc 1.7Mb
Flavors: r-oldrel-macos-arm64, r-oldrel-macos-x86_64, r-oldrel-windows-x86_64