Last updated on 2025-10-25 09:49:27 CEST.
| Flavor | Version | Tinstall | Tcheck | Ttotal | Status | Flags |
|---|---|---|---|---|---|---|
| r-devel-linux-x86_64-debian-clang | 1.2.2 | 4.17 | 50.06 | 54.23 | OK | |
| r-devel-linux-x86_64-debian-gcc | 1.2.2 | 2.99 | 33.75 | 36.74 | OK | |
| r-devel-linux-x86_64-fedora-clang | 1.2.2 | 64.21 | NOTE | |||
| r-devel-linux-x86_64-fedora-gcc | 1.2.2 | 81.61 | NOTE | |||
| r-devel-windows-x86_64 | 1.2.2 | 8.00 | 67.00 | 75.00 | OK | |
| r-patched-linux-x86_64 | 1.2.2 | 5.64 | 46.68 | 52.32 | OK | |
| r-release-linux-x86_64 | 1.2.2 | 4.90 | 45.99 | 50.89 | OK | |
| r-release-macos-arm64 | 1.2.2 | 3.00 | 26.00 | 29.00 | OK | |
| r-release-macos-x86_64 | 1.2.2 | 4.00 | 38.00 | 42.00 | OK | |
| r-release-windows-x86_64 | 1.2.2 | 8.00 | 71.00 | 79.00 | OK | |
| r-oldrel-macos-arm64 | 1.2.2 | 3.00 | 25.00 | 28.00 | OK | |
| r-oldrel-macos-x86_64 | 1.2.2 | 4.00 | 33.00 | 37.00 | OK | |
| r-oldrel-windows-x86_64 | 1.2.2 | 10.00 | 88.00 | 98.00 | OK |
Version: 1.2.2
Check: dependencies in R code
Result: NOTE
Namespace in Imports field not imported from: ‘Rdpack’
All declared Imports should be used.
Flavors: r-devel-linux-x86_64-fedora-clang, r-devel-linux-x86_64-fedora-gcc