Last updated on 2025-10-31 08:50:10 CET.
| Flavor | Version | Tinstall | Tcheck | Ttotal | Status | Flags | 
|---|---|---|---|---|---|---|
| r-devel-linux-x86_64-debian-clang | 0.2.2 | 6.97 | 120.24 | 127.21 | OK | |
| r-devel-linux-x86_64-debian-gcc | 0.2.2 | 5.26 | 85.78 | 91.04 | OK | |
| r-devel-linux-x86_64-fedora-clang | 0.2.2 | 15.00 | 180.75 | 195.75 | OK | |
| r-devel-linux-x86_64-fedora-gcc | 0.2.2 | 16.00 | 182.46 | 198.46 | OK | |
| r-devel-windows-x86_64 | 0.2.2 | 9.00 | 126.00 | 135.00 | OK | |
| r-patched-linux-x86_64 | 0.2.2 | 7.02 | 115.24 | 122.26 | OK | |
| r-release-linux-x86_64 | 0.2.2 | 7.30 | 114.30 | 121.60 | OK | |
| r-release-macos-arm64 | 0.2.2 | 3.00 | 60.00 | 63.00 | OK | |
| r-release-macos-x86_64 | 0.2.2 | 7.00 | 118.00 | 125.00 | OK | |
| r-release-windows-x86_64 | 0.2.2 | 9.00 | 121.00 | 130.00 | OK | |
| r-oldrel-macos-arm64 | 0.2.2 | 3.00 | 52.00 | 55.00 | NOTE | |
| r-oldrel-macos-x86_64 | 0.2.2 | 5.00 | 84.00 | 89.00 | NOTE | |
| r-oldrel-windows-x86_64 | 0.2.2 | 12.00 | 157.00 | 169.00 | NOTE | 
Version: 0.2.2
Check: LazyData
Result: NOTE
    'LazyData' is specified without a 'data' directory
Flavors: r-oldrel-macos-arm64, r-oldrel-macos-x86_64, r-oldrel-windows-x86_64