Last updated on 2025-10-21 09:48:28 CEST.
Flavor | Version | Tinstall | Tcheck | Ttotal | Status | Flags |
---|---|---|---|---|---|---|
r-devel-linux-x86_64-debian-clang | 1.0.5 | 5.39 | 44.23 | 49.62 | OK | |
r-devel-linux-x86_64-debian-gcc | 1.0.5 | 3.43 | 34.14 | 37.57 | NOTE | |
r-devel-linux-x86_64-fedora-clang | 1.0.5 | 75.12 | OK | |||
r-devel-linux-x86_64-fedora-gcc | 1.0.5 | 68.67 | OK | |||
r-devel-windows-x86_64 | 1.0.5 | 8.00 | 63.00 | 71.00 | OK | |
r-patched-linux-x86_64 | 1.0.5 | 5.84 | 40.44 | 46.28 | OK | |
r-release-linux-x86_64 | 1.0.5 | 4.88 | 40.70 | 45.58 | OK | |
r-release-macos-arm64 | 1.0.5 | 26.00 | OK | |||
r-release-macos-x86_64 | 1.0.5 | 48.00 | OK | |||
r-release-windows-x86_64 | 1.0.5 | 7.00 | 68.00 | 75.00 | OK | |
r-oldrel-macos-arm64 | 1.0.5 | 26.00 | OK | |||
r-oldrel-macos-x86_64 | 1.0.5 | 50.00 | OK | |||
r-oldrel-windows-x86_64 | 1.0.5 | 10.00 | 76.00 | 86.00 | OK |
Version: 1.0.5
Check: HTML version of manual
Result: NOTE
Found the following HTML validation problems:
datacleanr_server.html:58:1 (datacleanr_server.Rd:16): Warning: missing </ul> before </div>
dcr_checks.html:46:1 (dcr_checks.Rd:10): Warning: missing </ul> before </div>
handle_add_outlier_trace.html:83:1 (handle_add_outlier_trace.Rd:30): Warning: missing </ul> before </div>
module_server_apply_reset.html:54:1 (module_server_apply_reset.Rd:14): Warning: missing </ul> before </div>
module_server_box_str_filter.html:54:1 (module_server_box_str_filter.Rd:14): Warning: missing </ul> before </div>
module_server_checkbox.html:50:1 (module_server_checkbox.Rd:12): Warning: missing </ul> before </div>
module_server_extract_code.html:90:1 (module_server_extract_code.Rd:38): Warning: missing </ul> before </div>
module_server_extract_code_fileconfig.html:65:1 (module_server_extract_code_fileconfig.Rd:23): Warning: missing </ul> before </div>
module_server_group_select.html:50:1 (module_server_group_select.Rd:12): Warning: missing </ul> before </div>
module_server_summary.html:70:1 (module_server_summary.Rd:26): Warning: missing </ul> before </div>
module_ui_apply_reset.html:46:1 (module_ui_apply_reset.Rd:10): Warning: missing </ul> before </div>
module_ui_box_str_filter.html:50:1 (module_ui_box_str_filter.Rd:12): Warning: missing </ul> before </div>
module_ui_checkbox.html:50:1 (module_ui_checkbox.Rd:12): Warning: missing </ul> before </div>
module_ui_extract_code.html:46:1 (module_ui_extract_code.Rd:10): Warning: missing </ul> before </div>
module_ui_extract_code_fileconfig.html:46:1 (module_ui_extract_code_fileconfig.Rd:10): Warning: missing </ul> before </div>
module_ui_filter_str.html:46:1 (module_ui_filter_str.Rd:10): Warning: missing </ul> before </div>
module_ui_group_relayout_buttons.html:46:1 (module_ui_group_relayout_buttons.Rd:10): Warning: missing </ul> before </div>
module_ui_group_select.html:46:1 (module_ui_group_select.Rd:10): Warning: missing </ul> before </div>
module_ui_group_selector_table.html:46:1 (module_ui_group_selector_table.Rd:10): Warning: missing </ul> before </div>
module_ui_histograms.html:46:1 (module_ui_histograms.Rd:10): Warning: missing </ul> before </div>
module_ui_lowercontrol_btn.html:46:1 (module_ui_lowercontrol_btn.Rd:10): Warning: missing </ul> before </div>
module_ui_plot_annotation_table.html:46:1 (module_ui_plot_annotation_table.Rd:10): Warning: missing </ul> before </div>
module_ui_plot_selectable.html:46:1 (module_ui_plot_selectable.Rd:10): Warning: missing </ul> before </div>
module_ui_plot_selectorcontrols.html:46:1 (module_ui_plot_selectorcontrols.Rd:10): Warning: missing </ul> before </div>
module_ui_summary.html:46:1 (module_ui_summary.Rd:10): Warning: missing </ul> before </div>
module_ui_text_annotator.html:46:1 (module_ui_text_annotator.Rd:10): Warning: missing </ul> before </div>
print.dcr_code.html:51:1 (print.dcr_code.Rd:12): Warning: missing </ul> before </div>
Flavor: r-devel-linux-x86_64-debian-gcc