Last updated on 2025-10-24 09:49:59 CEST.
| Flavor | Version | Tinstall | Tcheck | Ttotal | Status | Flags |
|---|---|---|---|---|---|---|
| r-devel-linux-x86_64-debian-clang | 0.2.0 | 1.65 | 18.68 | 20.33 | NOTE | |
| r-devel-linux-x86_64-debian-gcc | 0.2.0 | 1.42 | 15.40 | 16.82 | NOTE | |
| r-devel-linux-x86_64-fedora-clang | 0.2.0 | 29.76 | OK | |||
| r-devel-linux-x86_64-fedora-gcc | 0.2.0 | 28.14 | OK | |||
| r-devel-windows-x86_64 | 0.2.0 | 2.00 | 36.00 | 38.00 | OK | |
| r-patched-linux-x86_64 | 0.2.0 | 1.63 | 17.43 | 19.06 | OK | |
| r-release-linux-x86_64 | 0.2.0 | 1.78 | 17.53 | 19.31 | OK | |
| r-release-macos-arm64 | 0.2.0 | 1.00 | 13.00 | 14.00 | OK | |
| r-release-macos-x86_64 | 0.2.0 | 2.00 | 21.00 | 23.00 | OK | |
| r-release-windows-x86_64 | 0.2.0 | 3.00 | 38.00 | 41.00 | OK | |
| r-oldrel-macos-arm64 | 0.2.0 | 1.00 | 13.00 | 14.00 | OK | |
| r-oldrel-macos-x86_64 | 0.2.0 | 2.00 | 18.00 | 20.00 | OK | |
| r-oldrel-windows-x86_64 | 0.2.0 | 4.00 | 41.00 | 45.00 | OK |
Version: 0.2.0
Check: CRAN incoming feasibility
Result: NOTE
Maintainer: ‘Christoph Sax <christoph.sax@gmail.com>’
No Authors@R field in DESCRIPTION.
Please add one, modifying
Authors@R: person(given = "Christoph",
family = "Sax",
role = c("aut", "cre"),
email = "christoph.sax@gmail.com")
as necessary.
The BugReports field in DESCRIPTION has
https://github.com/christophsax/dataseries
which should likely be
https://github.com/christophsax/dataseries/issues
instead.
Flavors: r-devel-linux-x86_64-debian-clang, r-devel-linux-x86_64-debian-gcc