Last updated on 2025-10-24 09:50:00 CEST.
| Flavor | Version | Tinstall | Tcheck | Ttotal | Status | Flags |
|---|---|---|---|---|---|---|
| r-devel-linux-x86_64-debian-clang | 0.0.4 | 3.03 | 41.33 | 44.36 | NOTE | |
| r-devel-linux-x86_64-debian-gcc | 0.0.4 | 2.62 | 31.36 | 33.98 | OK | |
| r-devel-linux-x86_64-fedora-clang | 0.0.4 | 16.00 | 55.94 | 71.94 | OK | |
| r-devel-linux-x86_64-fedora-gcc | 0.0.4 | 79.53 | OK | |||
| r-devel-windows-x86_64 | 0.0.4 | 4.00 | 68.00 | 72.00 | OK | |
| r-patched-linux-x86_64 | 0.0.4 | 4.46 | 39.17 | 43.63 | OK | |
| r-release-linux-x86_64 | 0.0.4 | 3.14 | 38.89 | 42.03 | OK | |
| r-release-macos-arm64 | 0.0.4 | 2.00 | 28.00 | 30.00 | OK | |
| r-release-macos-x86_64 | 0.0.4 | 4.00 | 101.00 | 105.00 | OK | |
| r-release-windows-x86_64 | 0.0.4 | 7.00 | 72.00 | 79.00 | OK | |
| r-oldrel-macos-arm64 | 0.0.4 | 2.00 | 33.00 | 35.00 | OK | |
| r-oldrel-macos-x86_64 | 0.0.4 | 3.00 | 113.00 | 116.00 | OK | |
| r-oldrel-windows-x86_64 | 0.0.4 | 7.00 | 81.00 | 88.00 | OK |
Version: 0.0.4
Check: HTML version of manual
Result: NOTE
Found the following HTML validation problems:
basalContribution.html:47:1 (basalContribution.Rd:10): Warning: missing </ul> before </div>
densityRegen.html:72:1 (densityRegen.Rd:25): Warning: missing </ul> before </div>
print.angle.html:51:1 (print.angle.Rd:12): Warning: missing </ul> before </div>
print.slope.html:51:1 (print.slope.Rd:12): Warning: missing </ul> before </div>
rfreq.html:46:1 (rfreq.Rd:10): Warning: missing </ul> before </div>
Flavor: r-devel-linux-x86_64-debian-clang