Last updated on 2025-10-25 09:49:27 CEST.
| Flavor | Version | Tinstall | Tcheck | Ttotal | Status | Flags |
|---|---|---|---|---|---|---|
| r-devel-linux-x86_64-debian-clang | 0.0-8 | 29.44 | 274.96 | 304.40 | NOTE | |
| r-devel-linux-x86_64-debian-gcc | 0.0-8 | 19.23 | 167.00 | 186.23 | NOTE | |
| r-devel-linux-x86_64-fedora-clang | 0.0-8 | 82.00 | 415.43 | 497.43 | OK | |
| r-devel-linux-x86_64-fedora-gcc | 0.0-8 | 63.00 | 399.22 | 462.22 | OK | |
| r-devel-windows-x86_64 | 0.0-8 | 29.00 | 209.00 | 238.00 | OK | |
| r-patched-linux-x86_64 | 0.0-8 | 30.79 | 259.29 | 290.08 | OK | |
| r-release-linux-x86_64 | 0.0-8 | 28.65 | 258.01 | 286.66 | OK | |
| r-release-macos-arm64 | 0.0-8 | 11.00 | 83.00 | 94.00 | OK | |
| r-release-macos-x86_64 | 0.0-8 | 31.00 | 194.00 | 225.00 | OK | |
| r-release-windows-x86_64 | 0.0-8 | 29.00 | 207.00 | 236.00 | OK | |
| r-oldrel-macos-arm64 | 0.0-8 | 12.00 | 82.00 | 94.00 | OK | |
| r-oldrel-macos-x86_64 | 0.0-8 | 21.00 | 133.00 | 154.00 | OK | |
| r-oldrel-windows-x86_64 | 0.0-8 | 39.00 | 303.00 | 342.00 | OK |
Version: 0.0-8
Check: CRAN incoming feasibility
Result: NOTE
Maintainer: ‘Ali Santacruz <amsantac@unal.edu.co>’
No Authors@R field in DESCRIPTION.
Please add one, modifying
Authors@R: c(person(given = c("Robert", "Gilmore"),
family = "Pontius Jr.",
role = "aut",
email = "rpontius@clarku.edu"),
person(given = "Ali",
family = "Santacruz",
role = c("aut", "cre"),
email = "amsantac@unal.edu.co"))
as necessary.
Flavors: r-devel-linux-x86_64-debian-clang, r-devel-linux-x86_64-debian-gcc