Last updated on 2025-10-31 08:50:11 CET.
| Flavor | Version | Tinstall | Tcheck | Ttotal | Status | Flags | 
|---|---|---|---|---|---|---|
| r-devel-linux-x86_64-debian-clang | 1.0.17 | 2.06 | 112.17 | 114.23 | NOTE | |
| r-devel-linux-x86_64-debian-gcc | 1.0.17 | 1.60 | 101.78 | 103.38 | NOTE | |
| r-devel-linux-x86_64-fedora-clang | 1.0.17 | 176.67 | OK | |||
| r-devel-linux-x86_64-fedora-gcc | 1.0.17 | 180.51 | OK | |||
| r-devel-windows-x86_64 | 1.0.17 | 4.00 | 110.00 | 114.00 | OK | |
| r-patched-linux-x86_64 | 1.0.17 | 2.17 | 103.49 | 105.66 | NOTE | |
| r-release-linux-x86_64 | 1.0.17 | 1.88 | 105.69 | 107.57 | NOTE | |
| r-release-macos-arm64 | 1.0.17 | 1.00 | 65.00 | 66.00 | OK | |
| r-release-macos-x86_64 | 1.0.17 | 3.00 | 111.00 | 114.00 | OK | |
| r-release-windows-x86_64 | 1.0.17 | 4.00 | 112.00 | 116.00 | OK | |
| r-oldrel-macos-arm64 | 1.0.17 | 1.00 | 57.00 | 58.00 | OK | |
| r-oldrel-macos-x86_64 | 1.0.17 | 2.00 | 86.00 | 88.00 | OK | |
| r-oldrel-windows-x86_64 | 1.0.17 | 5.00 | 152.00 | 157.00 | OK | 
Version: 1.0.17
Check: R code for possible problems
Result: NOTE
  Found the following calls to attach():
  File ‘doParallel/R/doParallel.R’:
    attach(exportEnv)
  See section ‘Good practice’ in ‘?attach’.
Flavors: r-devel-linux-x86_64-debian-clang, r-devel-linux-x86_64-debian-gcc, r-patched-linux-x86_64, r-release-linux-x86_64