Last updated on 2025-10-24 09:50:00 CEST.
| Flavor | Version | Tinstall | Tcheck | Ttotal | Status | Flags |
|---|---|---|---|---|---|---|
| r-devel-linux-x86_64-debian-clang | 1.0.20 | 2.05 | 21.56 | 23.61 | NOTE | |
| r-devel-linux-x86_64-debian-gcc | 1.0.20 | 1.58 | 17.85 | 19.43 | NOTE | |
| r-devel-linux-x86_64-fedora-clang | 1.0.20 | 34.28 | OK | |||
| r-devel-linux-x86_64-fedora-gcc | 1.0.20 | 32.31 | OK | |||
| r-devel-windows-x86_64 | 1.0.20 | 4.00 | 41.00 | 45.00 | OK | |
| r-patched-linux-x86_64 | 1.0.20 | 1.69 | 20.28 | 21.97 | NOTE | |
| r-release-linux-x86_64 | 1.0.20 | 2.04 | 20.46 | 22.50 | NOTE | |
| r-release-macos-arm64 | 1.0.20 | 1.00 | 15.00 | 16.00 | OK | |
| r-release-macos-x86_64 | 1.0.20 | 2.00 | 25.00 | 27.00 | OK | |
| r-release-windows-x86_64 | 1.0.20 | 4.00 | 42.00 | 46.00 | OK | |
| r-oldrel-macos-arm64 | 1.0.20 | 1.00 | 15.00 | 16.00 | OK | |
| r-oldrel-macos-x86_64 | 1.0.20 | 2.00 | 19.00 | 21.00 | OK | |
| r-oldrel-windows-x86_64 | 1.0.20 | 4.00 | 49.00 | 53.00 | OK |
Version: 1.0.20
Check: R code for possible problems
Result: NOTE
Found the following calls to attach():
File ‘doSNOW/R/doSNOW.R’:
attach(exportEnv)
See section ‘Good practice’ in ‘?attach’.
Flavors: r-devel-linux-x86_64-debian-clang, r-devel-linux-x86_64-debian-gcc, r-patched-linux-x86_64, r-release-linux-x86_64