Last updated on 2025-10-22 09:50:31 CEST.
Flavor | Version | Tinstall | Tcheck | Ttotal | Status | Flags |
---|---|---|---|---|---|---|
r-devel-linux-x86_64-debian-clang | 0.4-7 | 37.31 | 94.73 | 132.04 | NOTE | |
r-devel-linux-x86_64-debian-gcc | 0.4-7 | 27.09 | 66.56 | 93.65 | NOTE | |
r-devel-linux-x86_64-fedora-clang | 0.4-7 | 124.00 | 87.79 | 211.79 | OK | |
r-devel-linux-x86_64-fedora-gcc | 0.4-7 | 89.00 | 114.36 | 203.36 | OK | |
r-devel-windows-x86_64 | 0.4-7 | 40.00 | 116.00 | 156.00 | OK | |
r-patched-linux-x86_64 | 0.4-7 | 36.72 | 86.97 | 123.69 | OK | |
r-release-linux-x86_64 | 0.4-7 | 38.84 | 87.10 | 125.94 | OK | |
r-release-macos-arm64 | 0.4-7 | 26.00 | 46.00 | 72.00 | OK | |
r-release-macos-x86_64 | 0.4-7 | 52.00 | 63.00 | 115.00 | OK | |
r-release-windows-x86_64 | 0.4-7 | 41.00 | 117.00 | 158.00 | OK | |
r-oldrel-macos-arm64 | 0.4-7 | 19.00 | 38.00 | 57.00 | NOTE | |
r-oldrel-macos-x86_64 | 0.4-7 | 58.00 | 93.00 | 151.00 | NOTE | |
r-oldrel-windows-x86_64 | 0.4-7 | 47.00 | 154.00 | 201.00 | OK |
Version: 0.4-7
Check: HTML version of manual
Result: NOTE
Found the following HTML validation problems:
bayesCoxMcmc.html:61:1 (bayesCoxMcmc.Rd:20): Warning: missing </ul> before </div>
is.bayesCox.html:46:1 (is.bayesCox.Rd:10): Warning: missing </ul> before </div>
Flavors: r-devel-linux-x86_64-debian-clang, r-devel-linux-x86_64-debian-gcc
Version: 0.4-7
Check: installed package size
Result: NOTE
installed size is 5.6Mb
sub-directories of 1Mb or more:
libs 5.4Mb
Flavors: r-oldrel-macos-arm64, r-oldrel-macos-x86_64