Last updated on 2025-10-22 09:50:32 CEST.
Flavor | Version | Tinstall | Tcheck | Ttotal | Status | Flags |
---|---|---|---|---|---|---|
r-devel-linux-x86_64-debian-clang | 1.1 | 6.05 | 63.06 | 69.11 | NOTE | |
r-devel-linux-x86_64-debian-gcc | 1.1 | 5.74 | 46.75 | 52.49 | NOTE | |
r-devel-linux-x86_64-fedora-clang | 1.1 | 17.00 | 91.35 | 108.35 | OK | |
r-devel-linux-x86_64-fedora-gcc | 1.1 | 14.00 | 90.57 | 104.57 | OK | |
r-devel-windows-x86_64 | 1.1 | 9.00 | 72.00 | 81.00 | OK | |
r-patched-linux-x86_64 | 1.1 | 6.61 | 59.07 | 65.68 | OK | |
r-release-linux-x86_64 | 1.1 | 7.57 | 59.53 | 67.10 | OK | |
r-release-macos-arm64 | 1.1 | 4.00 | 35.00 | 39.00 | OK | |
r-release-macos-x86_64 | 1.1 | 14.00 | 101.00 | 115.00 | OK | |
r-release-windows-x86_64 | 1.1 | 10.00 | 71.00 | 81.00 | OK | |
r-oldrel-macos-arm64 | 1.1 | 4.00 | 31.00 | 35.00 | NOTE | |
r-oldrel-macos-x86_64 | 1.1 | 5.00 | 43.00 | 48.00 | NOTE | |
r-oldrel-windows-x86_64 | 1.1 | 12.00 | 90.00 | 102.00 | NOTE |
Version: 1.1
Check: CRAN incoming feasibility
Result: NOTE
Maintainer: ‘Pi Guo <guopi.01@163.com>’
No Authors@R field in DESCRIPTION.
Please add one, modifying
Authors@R: person(given = "Pi",
family = "Guo",
role = c("aut", "cre"),
email = "guopi.01@163.com")
as necessary.
Flavors: r-devel-linux-x86_64-debian-clang, r-devel-linux-x86_64-debian-gcc
Version: 1.1
Check: LazyData
Result: NOTE
'LazyData' is specified without a 'data' directory
Flavors: r-oldrel-macos-arm64, r-oldrel-macos-x86_64, r-oldrel-windows-x86_64