Last updated on 2025-10-24 09:50:01 CEST.
| Flavor | Version | Tinstall | Tcheck | Ttotal | Status | Flags |
|---|---|---|---|---|---|---|
| r-devel-linux-x86_64-debian-clang | 1.0.6 | 73.10 | 126.63 | 199.73 | NOTE | |
| r-devel-linux-x86_64-debian-gcc | 1.0.6 | 64.31 | 92.78 | 157.09 | OK | |
| r-devel-linux-x86_64-fedora-clang | 1.0.6 | 276.00 | 69.17 | 345.17 | OK | |
| r-devel-linux-x86_64-fedora-gcc | 1.0.6 | 163.00 | 190.21 | 353.21 | OK | |
| r-devel-windows-x86_64 | 1.0.6 | 82.00 | 145.00 | 227.00 | OK | |
| r-patched-linux-x86_64 | 1.0.6 | 92.78 | 127.85 | 220.63 | OK | |
| r-release-linux-x86_64 | 1.0.6 | 83.09 | 129.90 | 212.99 | OK | |
| r-release-macos-arm64 | 1.0.6 | 32.00 | 55.00 | 87.00 | OK | |
| r-release-macos-x86_64 | 1.0.6 | 62.00 | 119.00 | 181.00 | OK | |
| r-release-windows-x86_64 | 1.0.6 | 82.00 | 150.00 | 232.00 | OK | |
| r-oldrel-macos-arm64 | 1.0.6 | 34.00 | 70.00 | 104.00 | NOTE | |
| r-oldrel-macos-x86_64 | 1.0.6 | 62.00 | 135.00 | 197.00 | NOTE | |
| r-oldrel-windows-x86_64 | 1.0.6 | 98.00 | 208.00 | 306.00 | OK |
Version: 1.0.6
Check: HTML version of manual
Result: NOTE
Found the following HTML validation problems:
extract.lm_robust.html:114:1 (extract.lm_robust.Rd:62): Warning: missing </ul> before </div>
lm_robust_fit.html:118:1 (lm_robust_fit.Rd:54): Warning: missing </ul> before </div>
Flavor: r-devel-linux-x86_64-debian-clang
Version: 1.0.6
Check: installed package size
Result: NOTE
installed size is 39.9Mb
sub-directories of 1Mb or more:
libs 39.6Mb
Flavors: r-oldrel-macos-arm64, r-oldrel-macos-x86_64