Last updated on 2025-10-22 09:50:32 CEST.
Flavor | Version | Tinstall | Tcheck | Ttotal | Status | Flags |
---|---|---|---|---|---|---|
r-devel-linux-x86_64-debian-clang | 1.4.5 | 8.37 | 142.88 | 151.25 | NOTE | |
r-devel-linux-x86_64-debian-gcc | 1.4.5 | 5.85 | 101.36 | 107.21 | NOTE | |
r-devel-linux-x86_64-fedora-clang | 1.4.5 | 56.00 | 187.36 | 243.36 | OK | |
r-devel-linux-x86_64-fedora-gcc | 1.4.5 | 18.00 | 223.69 | 241.69 | OK | |
r-devel-windows-x86_64 | 1.4.5 | 11.00 | 164.00 | 175.00 | OK | |
r-patched-linux-x86_64 | 1.4.5 | 8.11 | 135.70 | 143.81 | OK | |
r-release-linux-x86_64 | 1.4.5 | 7.92 | 134.72 | 142.64 | OK | |
r-release-macos-arm64 | 1.4.5 | 5.00 | 78.00 | 83.00 | OK | |
r-release-macos-x86_64 | 1.4.5 | 10.00 | 145.00 | 155.00 | OK | |
r-release-windows-x86_64 | 1.4.5 | 12.00 | 164.00 | 176.00 | OK | |
r-oldrel-macos-arm64 | 1.4.5 | 4.00 | 78.00 | 82.00 | OK | |
r-oldrel-macos-x86_64 | 1.4.5 | 9.00 | 138.00 | 147.00 | OK | |
r-oldrel-windows-x86_64 | 1.4.5 | 14.00 | 210.00 | 224.00 | OK |
Version: 1.4.5
Check: HTML version of manual
Result: NOTE
Found the following HTML validation problems:
calc_ipcw_pos.html:66:1 (calc_ipcw_pos.Rd:20): Warning: missing </ul> before </div>
check_mod_cens.html:47:1 (check_mod_cens.Rd:10): Warning: missing </ul> before </div>
match_cause.html:50:1 (match_cause.Rd:12): Warning: missing </ul> before </div>
Flavors: r-devel-linux-x86_64-debian-clang, r-devel-linux-x86_64-debian-gcc