Last updated on 2025-10-25 09:49:30 CEST.
| Flavor | Version | Tinstall | Tcheck | Ttotal | Status | Flags |
|---|---|---|---|---|---|---|
| r-devel-linux-x86_64-debian-clang | 1.0.0 | 11.90 | 528.19 | 540.09 | NOTE | |
| r-devel-linux-x86_64-debian-gcc | 1.0.0 | 7.34 | 309.96 | 317.30 | NOTE | |
| r-devel-linux-x86_64-fedora-clang | 1.0.0 | 32.00 | 882.85 | 914.85 | OK | |
| r-devel-linux-x86_64-fedora-gcc | 1.0.0 | 23.00 | 826.17 | 849.17 | OK | |
| r-devel-windows-x86_64 | 1.0.0 | 13.00 | 449.00 | 462.00 | OK | |
| r-patched-linux-x86_64 | 1.0.0 | 10.39 | 498.00 | 508.39 | OK | |
| r-release-linux-x86_64 | 1.0.0 | 10.14 | 505.29 | 515.43 | OK | |
| r-release-macos-arm64 | 1.0.0 | 7.00 | 308.00 | 315.00 | OK | |
| r-release-macos-x86_64 | 1.0.0 | 10.00 | 488.00 | 498.00 | OK | |
| r-release-windows-x86_64 | 1.0.0 | 14.00 | 453.00 | 467.00 | OK | |
| r-oldrel-macos-arm64 | 1.0.0 | 5.00 | 203.00 | 208.00 | OK | |
| r-oldrel-macos-x86_64 | 1.0.0 | 8.00 | 344.00 | 352.00 | OK | |
| r-oldrel-windows-x86_64 | 1.0.0 | 18.00 | 657.00 | 675.00 | OK |
Version: 1.0.0
Check: CRAN incoming feasibility
Result: NOTE
Maintainer: ‘Salil Koner <salil.koner@duke.edu>’
The Description field contains
(2023) <arXiv:2302.05612> respectively.
Please refer to arXiv e-prints via their arXiv DOI <doi:10.48550/arXiv.YYMM.NNNNN>.
Flavors: r-devel-linux-x86_64-debian-clang, r-devel-linux-x86_64-debian-gcc