Last updated on 2025-10-22 09:50:33 CEST.
Flavor | Version | Tinstall | Tcheck | Ttotal | Status | Flags |
---|---|---|---|---|---|---|
r-devel-linux-x86_64-debian-clang | 1.0.2 | 5.27 | 243.52 | 248.79 | NOTE | |
r-devel-linux-x86_64-debian-gcc | 1.0.2 | 3.61 | 195.62 | 199.23 | NOTE | |
r-devel-linux-x86_64-fedora-clang | 1.0.2 | 15.00 | 397.43 | 412.43 | OK | |
r-devel-linux-x86_64-fedora-gcc | 1.0.2 | 453.52 | OK | |||
r-devel-windows-x86_64 | 1.0.2 | 8.00 | 269.00 | 277.00 | OK | |
r-patched-linux-x86_64 | 1.0.2 | 4.65 | 263.23 | 267.88 | OK | |
r-release-linux-x86_64 | 1.0.2 | 4.48 | 258.73 | 263.21 | OK | |
r-release-macos-arm64 | 1.0.2 | 2.00 | 243.00 | 245.00 | OK | |
r-release-macos-x86_64 | 1.0.2 | 4.00 | 469.00 | 473.00 | OK | |
r-release-windows-x86_64 | 1.0.2 | 7.00 | 269.00 | 276.00 | OK | |
r-oldrel-macos-arm64 | 1.0.2 | 2.00 | 197.00 | 199.00 | OK | |
r-oldrel-macos-x86_64 | 1.0.2 | 4.00 | 319.00 | 323.00 | OK | |
r-oldrel-windows-x86_64 | 1.0.2 | 9.00 | 343.00 | 352.00 | OK |
Version: 1.0.2
Check: HTML version of manual
Result: NOTE
Found the following HTML validation problems:
internal.html:82:1 (internal.Rd:30): Warning: missing </ul> before </div>
penalty_scaler.html:62:1 (penalty_scaler.Rd:18): Warning: missing </ul> before </div>
Flavors: r-devel-linux-x86_64-debian-clang, r-devel-linux-x86_64-debian-gcc