Last updated on 2025-10-21 09:48:32 CEST.
Flavor | Version | Tinstall | Tcheck | Ttotal | Status | Flags |
---|---|---|---|---|---|---|
r-devel-linux-x86_64-debian-clang | 2.2.2 | 21.79 | 249.45 | 271.24 | OK | |
r-devel-linux-x86_64-debian-gcc | 2.2.2 | 14.33 | 178.50 | 192.83 | NOTE | |
r-devel-linux-x86_64-fedora-clang | 2.2.2 | 465.57 | OK | |||
r-devel-linux-x86_64-fedora-gcc | 2.2.2 | 455.19 | OK | |||
r-devel-windows-x86_64 | 2.2.2 | 76.00 | 932.00 | 1008.00 | OK | |
r-patched-linux-x86_64 | 2.2.2 | 33.13 | 229.40 | 262.53 | OK | |
r-release-linux-x86_64 | 2.2.2 | 21.37 | 233.86 | 255.23 | OK | |
r-release-macos-arm64 | 2.2.2 | 139.00 | OK | |||
r-release-macos-x86_64 | 2.2.2 | 230.00 | OK | |||
r-release-windows-x86_64 | 2.2.2 | 74.00 | 932.00 | 1006.00 | OK | |
r-oldrel-macos-arm64 | 2.2.2 | 94.00 | NOTE | |||
r-oldrel-macos-x86_64 | 2.2.2 | 183.00 | NOTE | |||
r-oldrel-windows-x86_64 | 2.2.2 | 58.00 | 636.00 | 694.00 | NOTE |
Version: 2.2.2
Check: HTML version of manual
Result: NOTE
Found the following HTML validation problems:
AdaptiveAvgPool.html:50:1 (AdaptiveAvgPool.Rd:12): Warning: missing </ul> before </div>
AddChannels.html:46:1 (AddChannels.Rd:10): Warning: missing </ul> before </div>
Flatten.html:46:1 (Flatten.Rd:10): Warning: missing </ul> before </div>
GANDiscriminativeLR.html:46:1 (GANDiscriminativeLR.Rd:10): Warning: missing </ul> before </div>
ImageDataLoaders_from_folder.html:113:1 (ImageDataLoaders_from_folder.Rd:51): Warning: missing </ul> before </div>
L.html:46:1 (L.Rd:10): Warning: missing </ul> before </div>
ResNet.html:83:1 (ResNet.Rd:33): Warning: missing </ul> before </div>
TfmdLists.html:46:1 (TfmdLists.Rd:10): Warning: missing </ul> before </div>
XResNet.html:66:1 (XResNet.Rd:20): Warning: missing </ul> before </div>
combined_flat_anneal.html:60:1 (combined_flat_anneal.Rd:16): Warning: missing </ul> before </div>
discriminator.html:68:1 (discriminator.Rd:24): Warning: missing </ul> before </div>
icevision_IAACropAndPad.html:78:1 (icevision_IAACropAndPad.Rd:30): Warning: missing </ul> before </div>
mask_from_blur.html:62:1 (mask_from_blur.Rd:18): Warning: missing </ul> before </div>
show_image.html:113:1 (show_image.Rd:51): Warning: missing </ul> before </div>
sort.html:55:1 (sort.Rd:15): Warning: missing </ul> before </div>
to_matrix.html:50:1 (to_matrix.Rd:12): Warning: missing </ul> before </div>
Flavor: r-devel-linux-x86_64-debian-gcc
Version: 2.2.2
Check: installed package size
Result: NOTE
installed size is 5.2Mb
sub-directories of 1Mb or more:
doc 2.9Mb
help 1.3Mb
Flavors: r-oldrel-macos-arm64, r-oldrel-macos-x86_64, r-oldrel-windows-x86_64