Last updated on 2025-10-26 08:48:45 CET.
| Flavor | Version | Tinstall | Tcheck | Ttotal | Status | Flags |
|---|---|---|---|---|---|---|
| r-devel-linux-x86_64-debian-clang | 1.8 | 16.66 | 69.78 | 86.44 | NOTE | |
| r-devel-linux-x86_64-debian-gcc | 1.8 | 12.20 | 52.23 | 64.43 | NOTE | |
| r-devel-linux-x86_64-fedora-clang | 1.8 | 35.00 | 98.86 | 133.86 | OK | |
| r-devel-linux-x86_64-fedora-gcc | 1.8 | 31.00 | 95.65 | 126.65 | OK | |
| r-devel-windows-x86_64 | 1.8 | 19.00 | 82.00 | 101.00 | OK | |
| r-patched-linux-x86_64 | 1.8 | 14.23 | 67.58 | 81.81 | OK | |
| r-release-linux-x86_64 | 1.8 | 16.71 | 66.48 | 83.19 | OK | |
| r-release-macos-arm64 | 1.8 | 10.00 | 35.00 | 45.00 | OK | |
| r-release-macos-x86_64 | 1.8 | 20.00 | 68.00 | 88.00 | OK | |
| r-release-windows-x86_64 | 1.8 | 21.00 | 83.00 | 104.00 | OK | |
| r-oldrel-macos-arm64 | 1.8 | 10.00 | 35.00 | 45.00 | OK | |
| r-oldrel-macos-x86_64 | 1.8 | 13.00 | 51.00 | 64.00 | OK | |
| r-oldrel-windows-x86_64 | 1.8 | 26.00 | 100.00 | 126.00 | OK |
Version: 1.8
Check: CRAN incoming feasibility
Result: NOTE
Maintainer: ‘Han Lin Shang <hanlin.shang@anu.edu.au>’
No Authors@R field in DESCRIPTION.
Please add one, modifying
Authors@R: c(person(given = c("Han", "Lin"),
family = "Shang",
role = c("aut", "cre"),
email = "hanlin.shang@anu.edu.au"),
person(given = c("Rob", "J"),
family = "Hyndman",
role = "aut"))
as necessary.
Flavors: r-devel-linux-x86_64-debian-clang, r-devel-linux-x86_64-debian-gcc