CRAN Package Check Results for Package fio

Last updated on 2025-10-21 09:48:32 CEST.

Flavor Version Tinstall Tcheck Ttotal Status Flags
r-devel-linux-x86_64-debian-clang 0.1.6 368.60 45.12 413.72 OK
r-devel-linux-x86_64-debian-gcc 0.1.6 288.64 35.13 323.77 NOTE
r-devel-linux-x86_64-fedora-clang 0.1.6 674.39 OK
r-devel-linux-x86_64-fedora-gcc 0.1.6 665.65 OK
r-devel-windows-x86_64 0.1.6 299.00 96.00 395.00 OK
r-patched-linux-x86_64 0.1.6 380.34 40.81 421.15 OK
r-release-linux-x86_64 0.1.6 381.59 41.34 422.93 OK
r-release-macos-arm64 0.1.6 130.00 OK
r-release-macos-x86_64 0.1.6 262.00 OK
r-release-windows-x86_64 0.1.6 329.00 93.00 422.00 OK
r-oldrel-macos-arm64 0.1.6 167.00 NOTE
r-oldrel-macos-x86_64 0.1.6 292.00 NOTE
r-oldrel-windows-x86_64 0.1.6 390.00 115.00 505.00 OK

Check Details

Version: 0.1.6
Check: HTML version of manual
Result: NOTE Found the following HTML validation problems: br_2020.html:69:1 (br_2020.Rd:21): Warning: missing </ul> before </div> iom.html:278:1 (iom.Rd:514): Warning: <h5> anchor "Usage" already defined iom.html:284:1 (iom.Rd:518): Warning: <h5> anchor "Arguments" already defined iom.html:336:1 (iom.Rd:555): Warning: <h5> anchor "Usage" already defined iom.html:342:1 (iom.Rd:559): Warning: <h5> anchor "Arguments" already defined iom.html:357:1 (iom.Rd:568): Warning: <h5> anchor "Returns" already defined iom.html:364:1 (iom.Rd:571): Warning: <h5> anchor "Examples" already defined iom.html:390:1 (iom.Rd:592): Warning: <h5> anchor "Usage" already defined iom.html:405:1 (iom.Rd:602): Warning: <h5> anchor "Returns" already defined iom.html:412:1 (iom.Rd:605): Warning: <h5> anchor "Examples" already defined iom.html:447:1 (iom.Rd:635): Warning: <h5> anchor "Usage" already defined iom.html:453:1 (iom.Rd:639): Warning: <h5> anchor "Details" already defined iom.html:462:1 (iom.Rd:645): Warning: <h5> anchor "Returns" already defined iom.html:469:1 (iom.Rd:648): Warning: <h5> anchor "Examples" already defined iom.html:505:1 (iom.Rd:679): Warning: <h5> anchor "Usage" already defined iom.html:511:1 (iom.Rd:683): Warning: <h5> anchor "Details" already defined iom.html:528:1 (iom.Rd:692): Warning: <h5> anchor "Returns" already defined iom.html:535:1 (iom.Rd:695): Warning: <h5> anchor "Examples" already defined iom.html:562:1 (iom.Rd:717): Warning: <h5> anchor "Usage" already defined iom.html:568:1 (iom.Rd:721): Warning: <h5> anchor "Details" already defined iom.html:598:1 (iom.Rd:741): Warning: <h5> anchor "Returns" already defined iom.html:605:1 (iom.Rd:744): Warning: <h5> anchor "Examples" already defined iom.html:633:1 (iom.Rd:767): Warning: <h5> anchor "Usage" already defined iom.html:639:1 (iom.Rd:771): Warning: <h5> anchor "Details" already defined iom.html:652:1 (iom.Rd:780): Warning: <h6> anchor "References" already defined iom.html:666:1 (iom.Rd:786): Warning: <h5> anchor "Returns" already defined iom.html:673:1 (iom.Rd:789): Warning: <h5> anchor "Examples" already defined iom.html:705:1 (iom.Rd:816): Warning: <h5> anchor "Usage" already defined iom.html:711:1 (iom.Rd:820): Warning: <h5> anchor "Details" already defined iom.html:720:1 (iom.Rd:825): Warning: <h6> anchor "References" already defined iom.html:734:1 (iom.Rd:831): Warning: <h5> anchor "Returns" already defined iom.html:741:1 (iom.Rd:834): Warning: <h5> anchor "Examples" already defined iom.html:774:1 (iom.Rd:862): Warning: <h5> anchor "Usage" already defined iom.html:780:1 (iom.Rd:866): Warning: <h5> anchor "Details" already defined iom.html:790:1 (iom.Rd:872): Warning: <h6> anchor "References" already defined iom.html:804:1 (iom.Rd:878): Warning: <h5> anchor "Returns" already defined iom.html:811:1 (iom.Rd:881): Warning: <h5> anchor "Examples" already defined iom.html:844:1 (iom.Rd:909): Warning: <h5> anchor "Usage" already defined iom.html:850:1 (iom.Rd:913): Warning: <h5> anchor "Details" already defined iom.html:860:1 (iom.Rd:919): Warning: <h6> anchor "References" already defined iom.html:874:1 (iom.Rd:925): Warning: <h5> anchor "Returns" already defined iom.html:881:1 (iom.Rd:928): Warning: <h5> anchor "Examples" already defined iom.html:914:1 (iom.Rd:956): Warning: <h5> anchor "Usage" already defined iom.html:920:1 (iom.Rd:960): Warning: <h5> anchor "Arguments" already defined iom.html:935:1 (iom.Rd:969): Warning: <h5> anchor "Details" already defined iom.html:948:1 (iom.Rd:978): Warning: <h6> anchor "References" already defined iom.html:959:1 (iom.Rd:984): Warning: <h5> anchor "Returns" already defined iom.html:966:1 (iom.Rd:987): Warning: <h5> anchor "Examples" already defined iom.html:998:1 (iom.Rd:1014): Warning: <h5> anchor "Usage" already defined iom.html:1004:1 (iom.Rd:1018): Warning: <h5> anchor "Details" already defined iom.html:1019:1 (iom.Rd:1029): Warning: <h6> anchor "References" already defined iom.html:1033:1 (iom.Rd:1035): Warning: <h5> anchor "Returns" already defined iom.html:1040:1 (iom.Rd:1038): Warning: <h5> anchor "Examples" already defined iom.html:1072:1 (iom.Rd:1065): Warning: <h5> anchor "Usage" already defined iom.html:1078:1 (iom.Rd:1069): Warning: <h5> anchor "Details" already defined iom.html:1085:1 (iom.Rd:1072): Warning: <h6> anchor "References" already defined iom.html:1096:1 (iom.Rd:1078): Warning: <h5> anchor "Returns" already defined iom.html:1103:1 (iom.Rd:1081): Warning: <h5> anchor "Examples" already defined iom.html:1129:1 (iom.Rd:1102): Warning: <h5> anchor "Usage" already defined iom.html:1135:1 (iom.Rd:1106): Warning: <h5> anchor "Details" already defined iom.html:1146:1 (iom.Rd:1110): Warning: <h6> anchor "References" already defined iom.html:1157:1 (iom.Rd:1116): Warning: <h5> anchor "Returns" already defined iom.html:1164:1 (iom.Rd:1119): Warning: <h5> anchor "Examples" already defined iom.html:1193:1 (iom.Rd:1143): Warning: <h5> anchor "Usage" already defined iom.html:1199:1 (iom.Rd:1147): Warning: <h5> anchor "Details" already defined iom.html:1208:1 (iom.Rd:1152): Warning: <h6> anchor "References" already defined iom.html:1219:1 (iom.Rd:1158): Warning: <h5> anchor "Returns" already defined iom.html:1226:1 (iom.Rd:1161): Warning: <h5> anchor "Examples" already defined iom.html:1277:1 (iom.Rd:1207): Warning: <h5> anchor "Usage" already defined iom.html:1283:1 (iom.Rd:1211): Warning: <h5> anchor "Arguments" already defined iom.html:1298:1 (iom.Rd:1220): Warning: <h5> anchor "Details" already defined iom.html:1317:1 (iom.Rd:1236): Warning: <h5> anchor "Returns" already defined iom.html:1324:1 (iom.Rd:1239): Warning: <h5> anchor "Examples" already defined iom.html:1350:1 (iom.Rd:1260): Warning: <h5> anchor "Usage" already defined iom.html:1356:1 (iom.Rd:1264): Warning: <h5> anchor "Arguments" already defined Flavor: r-devel-linux-x86_64-debian-gcc

Version: 0.1.6
Check: installed package size
Result: NOTE installed size is 6.7Mb sub-directories of 1Mb or more: libs 6.1Mb Flavors: r-oldrel-macos-arm64, r-oldrel-macos-x86_64