Last updated on 2025-10-23 09:50:45 CEST.
| Flavor | Version | Tinstall | Tcheck | Ttotal | Status | Flags |
|---|---|---|---|---|---|---|
| r-devel-linux-x86_64-debian-clang | 0.1.0 | 1.97 | 25.46 | 27.43 | NOTE | |
| r-devel-linux-x86_64-debian-gcc | 0.1.0 | 1.73 | 19.71 | 21.44 | NOTE | |
| r-devel-linux-x86_64-fedora-clang | 0.1.0 | 43.96 | NOTE | |||
| r-devel-linux-x86_64-fedora-gcc | 0.1.0 | 40.10 | NOTE | |||
| r-devel-windows-x86_64 | 0.1.0 | 3.00 | 45.00 | 48.00 | NOTE | |
| r-patched-linux-x86_64 | 0.1.0 | 2.62 | 24.01 | 26.63 | NOTE | |
| r-release-linux-x86_64 | 0.1.0 | 2.66 | 23.88 | 26.54 | NOTE | |
| r-release-macos-arm64 | 0.1.0 | 1.00 | 16.00 | 17.00 | NOTE | |
| r-release-macos-x86_64 | 0.1.0 | 2.00 | 28.00 | 30.00 | NOTE | |
| r-release-windows-x86_64 | 0.1.0 | 5.00 | 49.00 | 54.00 | NOTE | |
| r-oldrel-macos-arm64 | 0.1.0 | 1.00 | 16.00 | 17.00 | NOTE | |
| r-oldrel-macos-x86_64 | 0.1.0 | 2.00 | 23.00 | 25.00 | NOTE | |
| r-oldrel-windows-x86_64 | 0.1.0 | 6.00 | 52.00 | 58.00 | NOTE |
Version: 0.1.0
Check: Rd files
Result: NOTE
checkRd: (-1) fitmixEM.Rd:51: Escaped LaTeX specials: \&
Flavors: r-devel-linux-x86_64-debian-clang, r-devel-linux-x86_64-debian-gcc, r-devel-linux-x86_64-fedora-clang, r-devel-linux-x86_64-fedora-gcc, r-devel-windows-x86_64, r-patched-linux-x86_64, r-release-linux-x86_64, r-release-macos-arm64, r-release-macos-x86_64, r-release-windows-x86_64, r-oldrel-macos-arm64, r-oldrel-macos-x86_64, r-oldrel-windows-x86_64