Last updated on 2025-10-21 09:48:32 CEST.
Flavor | Version | Tinstall | Tcheck | Ttotal | Status | Flags |
---|---|---|---|---|---|---|
r-devel-linux-x86_64-debian-clang | 0.3.3 | 22.07 | 139.45 | 161.52 | OK | |
r-devel-linux-x86_64-debian-gcc | 0.3.3 | 15.11 | 101.74 | 116.85 | NOTE | |
r-devel-linux-x86_64-fedora-clang | 0.3.3 | 258.29 | OK | |||
r-devel-linux-x86_64-fedora-gcc | 0.3.3 | 258.54 | OK | |||
r-devel-windows-x86_64 | 0.3.3 | 30.00 | 128.00 | 158.00 | OK | |
r-patched-linux-x86_64 | 0.3.3 | 21.21 | 133.73 | 154.94 | OK | |
r-release-linux-x86_64 | 0.3.3 | 19.84 | 133.74 | 153.58 | OK | |
r-release-macos-arm64 | 0.3.3 | 80.00 | OK | |||
r-release-macos-x86_64 | 0.3.3 | 105.00 | OK | |||
r-release-windows-x86_64 | 0.3.3 | 33.00 | 123.00 | 156.00 | OK | |
r-oldrel-macos-arm64 | 0.3.3 | 52.00 | NOTE | |||
r-oldrel-macos-x86_64 | 0.3.3 | 87.00 | NOTE | |||
r-oldrel-windows-x86_64 | 0.3.3 | 35.00 | 159.00 | 194.00 | NOTE |
Version: 0.3.3
Check: HTML version of manual
Result: NOTE
Found the following HTML validation problems:
PlausibilityFunction.html:202:1 (PlausibilityFunction.Rd:368): Warning: <h5> anchor "Usage" already defined
PlausibilityFunction.html:208:1 (PlausibilityFunction.Rd:372): Warning: <h5> anchor "Arguments" already defined
PlausibilityFunction.html:253:1 (PlausibilityFunction.Rd:406): Warning: <h5> anchor "Usage" already defined
PlausibilityFunction.html:259:1 (PlausibilityFunction.Rd:410): Warning: <h5> anchor "Arguments" already defined
PlausibilityFunction.html:273:1 (PlausibilityFunction.Rd:418): Warning: <h5> anchor "Examples" already defined
PlausibilityFunction.html:305:1 (PlausibilityFunction.Rd:445): Warning: <h5> anchor "Usage" already defined
PlausibilityFunction.html:311:1 (PlausibilityFunction.Rd:449): Warning: <h5> anchor "Arguments" already defined
PlausibilityFunction.html:324:1 (PlausibilityFunction.Rd:456): Warning: <h5> anchor "Examples" already defined
PlausibilityFunction.html:356:1 (PlausibilityFunction.Rd:483): Warning: <h5> anchor "Usage" already defined
PlausibilityFunction.html:362:1 (PlausibilityFunction.Rd:487): Warning: <h5> anchor "Arguments" already defined
PlausibilityFunction.html:377:1 (PlausibilityFunction.Rd:496): Warning: <h5> anchor "Examples" already defined
PlausibilityFunction.html:409:1 (PlausibilityFunction.Rd:523): Warning: <h5> anchor "Usage" already defined
PlausibilityFunction.html:415:1 (PlausibilityFunction.Rd:527): Warning: <h5> anchor "Arguments" already defined
PlausibilityFunction.html:429:1 (PlausibilityFunction.Rd:535): Warning: <h5> anchor "Examples" already defined
PlausibilityFunction.html:465:1 (PlausibilityFunction.Rd:566): Warning: <h5> anchor "Usage" already defined
PlausibilityFunction.html:476:1 (PlausibilityFunction.Rd:575): Warning: <h5> anchor "Arguments" already defined
PlausibilityFunction.html:502:1 (PlausibilityFunction.Rd:595): Warning: <h5> anchor "Examples" already defined
PlausibilityFunction.html:533:1 (PlausibilityFunction.Rd:621): Warning: <h5> anchor "Usage" already defined
PlausibilityFunction.html:539:1 (PlausibilityFunction.Rd:625): Warning: <h5> anchor "Arguments" already defined
PlausibilityFunction.html:553:1 (PlausibilityFunction.Rd:633): Warning: <h5> anchor "Examples" already defined
PlausibilityFunction.html:587:1 (PlausibilityFunction.Rd:662): Warning: <h5> anchor "Usage" already defined
PlausibilityFunction.html:600:1 (PlausibilityFunction.Rd:673): Warning: <h5> anchor "Arguments" already defined
PlausibilityFunction.html:634:1 (PlausibilityFunction.Rd:701): Warning: <h5> anchor "Examples" already defined
PlausibilityFunction.html:670:1 (PlausibilityFunction.Rd:732): Warning: <h5> anchor "Usage" already defined
PlausibilityFunction.html:676:1 (PlausibilityFunction.Rd:736): Warning: <h5> anchor "Arguments" already defined
PlausibilityFunction.html:695:1 (PlausibilityFunction.Rd:749): Warning: <h5> anchor "Examples" already defined
PlausibilityFunction.html:735:1 (PlausibilityFunction.Rd:784): Warning: <h5> anchor "Usage" already defined
PlausibilityFunction.html:741:1 (PlausibilityFunction.Rd:788): Warning: <h5> anchor "Arguments" already defined
PlausibilityFunction.html:759:1 (PlausibilityFunction.Rd:800): Warning: <h5> anchor "Examples" already defined
PlausibilityFunction.html:802:1 (PlausibilityFunction.Rd:838): Warning: <h5> anchor "Usage" already defined
PlausibilityFunction.html:808:1 (PlausibilityFunction.Rd:842): Warning: <h5> anchor "Arguments" already defined
PlausibilityFunction.html:825:1 (PlausibilityFunction.Rd:853): Warning: <h5> anchor "Examples" already defined
PlausibilityFunction.html:867:1 (PlausibilityFunction.Rd:890): Warning: <h5> anchor "Usage" already defined
PlausibilityFunction.html:873:1 (PlausibilityFunction.Rd:894): Warning: <h5> anchor "Arguments" already defined
Flavor: r-devel-linux-x86_64-debian-gcc
Version: 0.3.3
Check: installed package size
Result: NOTE
installed size is 10.6Mb
sub-directories of 1Mb or more:
doc 9.1Mb
Flavors: r-oldrel-macos-arm64, r-oldrel-macos-x86_64, r-oldrel-windows-x86_64