Last updated on 2025-10-26 08:48:46 CET.
| Flavor | Version | Tinstall | Tcheck | Ttotal | Status | Flags |
|---|---|---|---|---|---|---|
| r-devel-linux-x86_64-debian-clang | 0.5-2 | 4.04 | 109.51 | 113.55 | NOTE | |
| r-devel-linux-x86_64-debian-gcc | 0.5-2 | 2.84 | 74.18 | 77.02 | NOTE | |
| r-devel-linux-x86_64-fedora-clang | 0.5-2 | 12.00 | 175.07 | 187.07 | OK | |
| r-devel-linux-x86_64-fedora-gcc | 0.5-2 | 16.00 | 179.28 | 195.28 | OK | |
| r-devel-windows-x86_64 | 0.5-2 | 5.00 | 145.00 | 150.00 | OK | |
| r-patched-linux-x86_64 | 0.5-2 | 4.65 | 105.54 | 110.19 | OK | |
| r-release-linux-x86_64 | 0.5-2 | 3.70 | 105.31 | 109.01 | OK | |
| r-release-macos-arm64 | 0.5-2 | 2.00 | 73.00 | 75.00 | OK | |
| r-release-macos-x86_64 | 0.5-2 | 3.00 | 129.00 | 132.00 | OK | |
| r-release-windows-x86_64 | 0.5-2 | 5.00 | 146.00 | 151.00 | OK | |
| r-oldrel-macos-arm64 | 0.5-2 | 2.00 | 59.00 | 61.00 | OK | |
| r-oldrel-macos-x86_64 | 0.5-2 | 3.00 | 92.00 | 95.00 | OK | |
| r-oldrel-windows-x86_64 | 0.5-2 | 7.00 | 180.00 | 187.00 | OK |
Version: 0.5-2
Check: DESCRIPTION meta-information
Result: NOTE
Author field differs from that derived from Authors@R
Author: ‘George Vega Yon [aut, cre] (<https://orcid.org/0000-0002-3171-0844>), Paul Marjoram [ctb, ths] (<https://orcid.org/0000-0003-0824-7449>), National Cancer Institute (NCI) [fnd] (Grant Number 5P01CA196569-02), Fabian Scheipl [rev] (JOSS reviewer, <https://orcid.org/0000-0001-8172-3603>)’
Authors@R: ‘George Vega Yon [aut, cre] (ORCID: <https://orcid.org/0000-0002-3171-0844>), Paul Marjoram [ctb, ths] (ORCID: <https://orcid.org/0000-0003-0824-7449>), National Cancer Institute (NCI) [fnd] (Grant Number 5P01CA196569-02), Fabian Scheipl [rev] (what: JOSS reviewer, ORCID: <https://orcid.org/0000-0001-8172-3603>)’
Flavors: r-devel-linux-x86_64-debian-clang, r-devel-linux-x86_64-debian-gcc