CRAN Package Check Results for Package fst

Last updated on 2025-10-22 09:50:33 CEST.

Flavor Version Tinstall Tcheck Ttotal Status Flags
r-devel-linux-x86_64-debian-clang 0.9.8 15.96 70.55 86.51 NOTE
r-devel-linux-x86_64-debian-gcc 0.9.8 12.62 46.44 59.06 NOTE
r-devel-linux-x86_64-fedora-clang 0.9.8 62.00 87.92 149.92 OK
r-devel-linux-x86_64-fedora-gcc 0.9.8 26.00 106.62 132.62 OK
r-devel-windows-x86_64 0.9.8 26.00 88.00 114.00 OK
r-patched-linux-x86_64 0.9.8 18.76 61.79 80.55 OK
r-release-linux-x86_64 0.9.8 18.56 60.99 79.55 OK
r-release-macos-arm64 0.9.8 9.00 32.00 41.00 OK
r-release-macos-x86_64 0.9.8 10.00 56.00 66.00 OK
r-release-windows-x86_64 0.9.8 26.00 92.00 118.00 OK
r-oldrel-macos-arm64 0.9.8 10.00 30.00 40.00 OK
r-oldrel-macos-x86_64 0.9.8 10.00 44.00 54.00 OK
r-oldrel-windows-x86_64 0.9.8 32.00 116.00 148.00 OK

Check Details

Version: 0.9.8
Check: HTML version of manual
Result: NOTE Found the following HTML validation problems: compress_fst.html:61:1 (compress_fst.Rd:19): Warning: missing </ul> before </div> Flavors: r-devel-linux-x86_64-debian-clang, r-devel-linux-x86_64-debian-gcc