Last updated on 2025-11-01 08:49:44 CET.
| Flavor | Version | Tinstall | Tcheck | Ttotal | Status | Flags |
|---|---|---|---|---|---|---|
| r-devel-linux-x86_64-debian-clang | 1.0.0 | 6.32 | 84.46 | 90.78 | OK | |
| r-devel-linux-x86_64-debian-gcc | 1.0.0 | 4.31 | 59.13 | 63.44 | OK | |
| r-devel-linux-x86_64-fedora-clang | 1.0.0 | 29.00 | 119.45 | 148.45 | OK | |
| r-devel-linux-x86_64-fedora-gcc | 1.0.0 | 14.00 | 126.10 | 140.10 | OK | |
| r-devel-windows-x86_64 | 1.0.0 | 7.00 | 99.00 | 106.00 | OK | |
| r-patched-linux-x86_64 | 1.0.0 | 5.25 | 77.18 | 82.43 | OK | |
| r-release-linux-x86_64 | 1.0.0 | 5.78 | 78.06 | 83.84 | OK | |
| r-release-macos-arm64 | 1.0.0 | 3.00 | 62.00 | 65.00 | OK | |
| r-release-macos-x86_64 | 1.0.0 | 7.00 | 105.00 | 112.00 | OK | |
| r-release-windows-x86_64 | 1.0.0 | 11.00 | 100.00 | 111.00 | OK | |
| r-oldrel-macos-arm64 | 1.0.0 | 3.00 | 55.00 | 58.00 | NOTE | |
| r-oldrel-macos-x86_64 | 1.0.0 | 7.00 | 106.00 | 113.00 | NOTE | |
| r-oldrel-windows-x86_64 | 1.0.0 | 11.00 | 126.00 | 137.00 | NOTE |
Version: 1.0.0
Check: installed package size
Result: NOTE
installed size is 5.5Mb
sub-directories of 1Mb or more:
doc 4.9Mb
Flavors: r-oldrel-macos-arm64, r-oldrel-macos-x86_64, r-oldrel-windows-x86_64