CRAN Package Check Results for Package ggDoE

Last updated on 2025-10-22 09:50:34 CEST.

Flavor Version Tinstall Tcheck Ttotal Status Flags
r-devel-linux-x86_64-debian-clang 0.8 5.84 76.34 82.18 NOTE
r-devel-linux-x86_64-debian-gcc 0.8 4.36 52.01 56.37 NOTE
r-devel-linux-x86_64-fedora-clang 0.8 15.00 105.23 120.23 NOTE
r-devel-linux-x86_64-fedora-gcc 0.8 14.00 101.71 115.71 NOTE
r-devel-windows-x86_64 0.8 8.00 81.00 89.00 NOTE
r-patched-linux-x86_64 0.8 5.90 68.95 74.85 NOTE
r-release-linux-x86_64 0.8 6.16 69.04 75.20 NOTE
r-release-macos-arm64 0.8 3.00 46.00 49.00 NOTE
r-release-macos-x86_64 0.8 5.00 53.00 58.00 NOTE
r-release-windows-x86_64 0.8 9.00 83.00 92.00 NOTE
r-oldrel-macos-arm64 0.8 3.00 26.00 29.00 OK
r-oldrel-macos-x86_64 0.8 5.00 41.00 46.00 OK
r-oldrel-windows-x86_64 0.8 11.00 109.00 120.00 OK

Check Details

Version: 0.8
Check: DESCRIPTION meta-information
Result: NOTE Missing dependency on R >= 4.1.0 because package code uses the pipe |> or function shorthand \(...) syntax added in R 4.1.0. File(s) using such syntax: ‘girder_experiment.Rd’ Flavors: r-devel-linux-x86_64-debian-clang, r-devel-linux-x86_64-debian-gcc, r-devel-linux-x86_64-fedora-clang, r-devel-linux-x86_64-fedora-gcc, r-devel-windows-x86_64, r-patched-linux-x86_64, r-release-linux-x86_64, r-release-macos-arm64, r-release-macos-x86_64, r-release-windows-x86_64