Last updated on 2025-10-22 09:50:34 CEST.
Flavor | Version | Tinstall | Tcheck | Ttotal | Status | Flags |
---|---|---|---|---|---|---|
r-devel-linux-x86_64-debian-clang | 1.0.2 | 6.93 | 75.70 | 82.63 | NOTE | |
r-devel-linux-x86_64-debian-gcc | 1.0.2 | 4.49 | 52.57 | 57.06 | NOTE | |
r-devel-linux-x86_64-fedora-clang | 1.0.2 | 19.00 | 103.90 | 122.90 | OK | |
r-devel-linux-x86_64-fedora-gcc | 1.0.2 | 11.00 | 113.33 | 124.33 | OK | |
r-devel-windows-x86_64 | 1.0.2 | 8.00 | 81.00 | 89.00 | OK | |
r-patched-linux-x86_64 | 1.0.2 | 6.38 | 67.51 | 73.89 | OK | |
r-release-linux-x86_64 | 1.0.2 | 7.28 | 67.29 | 74.57 | OK | |
r-release-macos-arm64 | 1.0.2 | 3.00 | 38.00 | 41.00 | OK | |
r-release-macos-x86_64 | 1.0.2 | 5.00 | 78.00 | 83.00 | OK | |
r-release-windows-x86_64 | 1.0.2 | 10.00 | 82.00 | 92.00 | OK | |
r-oldrel-macos-arm64 | 1.0.2 | 2.00 | 40.00 | 42.00 | OK | |
r-oldrel-macos-x86_64 | 1.0.2 | 6.00 | 65.00 | 71.00 | OK | |
r-oldrel-windows-x86_64 | 1.0.2 | 11.00 | 104.00 | 115.00 | OK |
Version: 1.0.2
Check: HTML version of manual
Result: NOTE
Found the following HTML validation problems:
grapes-plus-grapes.html:51:1 (grapes-plus-grapes.Rd:13): Warning: missing </ul> before </div>
Flavors: r-devel-linux-x86_64-debian-clang, r-devel-linux-x86_64-debian-gcc