Last updated on 2025-10-24 09:50:04 CEST.
| Flavor | Version | Tinstall | Tcheck | Ttotal | Status | Flags |
|---|---|---|---|---|---|---|
| r-devel-linux-x86_64-debian-clang | 1.0.1 | 1.90 | 43.41 | 45.31 | NOTE | |
| r-devel-linux-x86_64-debian-gcc | 1.0.1 | 1.69 | 30.00 | 31.69 | NOTE | |
| r-devel-linux-x86_64-fedora-clang | 1.0.1 | 69.77 | OK | |||
| r-devel-linux-x86_64-fedora-gcc | 1.0.1 | 83.68 | OK | |||
| r-devel-windows-x86_64 | 1.0.1 | 3.00 | 64.00 | 67.00 | OK | |
| r-patched-linux-x86_64 | 1.0.1 | 2.20 | 39.73 | 41.93 | OK | |
| r-release-linux-x86_64 | 1.0.1 | 1.83 | 41.44 | 43.27 | OK | |
| r-release-macos-arm64 | 1.0.1 | 1.00 | 28.00 | 29.00 | OK | |
| r-release-macos-x86_64 | 1.0.1 | 2.00 | 51.00 | 53.00 | OK | |
| r-release-windows-x86_64 | 1.0.1 | 3.00 | 65.00 | 68.00 | OK | |
| r-oldrel-macos-arm64 | 1.0.1 | 1.00 | 27.00 | 28.00 | NOTE | |
| r-oldrel-macos-x86_64 | 1.0.1 | 2.00 | 52.00 | 54.00 | NOTE | |
| r-oldrel-windows-x86_64 | 1.0.1 | 4.00 | 81.00 | 85.00 | NOTE |
Version: 1.0.1
Check: CRAN incoming feasibility
Result: NOTE
Maintainer: ‘Andrea Martino <andrea.martino@polimi.it>’
The Description field contains
Ieva, F. and Paganoni A. M. (2017) <arXiv:1708.00386>.
Please refer to arXiv e-prints via their arXiv DOI <doi:10.48550/arXiv.YYMM.NNNNN>.
Flavors: r-devel-linux-x86_64-debian-clang, r-devel-linux-x86_64-debian-gcc
Version: 1.0.1
Check: LazyData
Result: NOTE
'LazyData' is specified without a 'data' directory
Flavors: r-oldrel-macos-arm64, r-oldrel-macos-x86_64, r-oldrel-windows-x86_64