Last updated on 2025-10-26 08:48:48 CET.
| Flavor | Version | Tinstall | Tcheck | Ttotal | Status | Flags |
|---|---|---|---|---|---|---|
| r-devel-linux-x86_64-debian-clang | 0.0.3 | 77.83 | 210.13 | 287.96 | OK | |
| r-devel-linux-x86_64-debian-gcc | 0.0.3 | 45.84 | 139.69 | 185.53 | OK | |
| r-devel-linux-x86_64-fedora-clang | 0.0.3 | 227.00 | 281.26 | 508.26 | OK | |
| r-devel-linux-x86_64-fedora-gcc | 0.0.3 | 127.00 | 319.46 | 446.46 | OK | |
| r-devel-windows-x86_64 | 0.0.3 | 92.00 | 279.00 | 371.00 | OK | |
| r-patched-linux-x86_64 | 0.0.3 | 73.74 | 204.11 | 277.85 | OK | |
| r-release-linux-x86_64 | 0.0.3 | 73.18 | 202.53 | 275.71 | OK | |
| r-release-macos-arm64 | 0.0.3 | 24.00 | 121.00 | 145.00 | OK | |
| r-release-macos-x86_64 | 0.0.3 | 32.00 | 243.00 | 275.00 | OK | |
| r-release-windows-x86_64 | 0.0.3 | 89.00 | 290.00 | 379.00 | OK | |
| r-oldrel-macos-arm64 | 0.0.3 | 31.00 | 184.00 | 215.00 | NOTE | |
| r-oldrel-macos-x86_64 | 0.0.3 | 30.00 | 250.00 | 280.00 | NOTE | |
| r-oldrel-windows-x86_64 | 0.0.3 | 110.00 | 351.00 | 461.00 | OK |
Version: 0.0.3
Check: installed package size
Result: NOTE
installed size is 5.6Mb
sub-directories of 1Mb or more:
doc 1.7Mb
libs 3.7Mb
Flavors: r-oldrel-macos-arm64, r-oldrel-macos-x86_64