Last updated on 2025-10-21 09:48:34 CEST.
Flavor | Version | Tinstall | Tcheck | Ttotal | Status | Flags |
---|---|---|---|---|---|---|
r-devel-linux-x86_64-debian-clang | 2.5.0 | 284.74 | 84.38 | 369.12 | OK | |
r-devel-linux-x86_64-debian-gcc | 2.5.0 | 177.88 | 71.23 | 249.11 | NOTE | |
r-devel-linux-x86_64-fedora-clang | 2.5.0 | 771.68 | OK | |||
r-devel-linux-x86_64-fedora-gcc | 2.5.0 | 615.93 | OK | |||
r-devel-windows-x86_64 | 2.5.0 | 317.00 | 137.00 | 454.00 | OK | |
r-patched-linux-x86_64 | 2.5.0 | 269.81 | 95.28 | 365.09 | OK | |
r-release-linux-x86_64 | 2.5.0 | 279.41 | 93.86 | 373.27 | OK | |
r-release-macos-arm64 | 2.5.0 | 136.00 | OK | |||
r-release-macos-x86_64 | 2.5.0 | 178.00 | OK | |||
r-release-windows-x86_64 | 2.5.0 | 301.00 | 139.00 | 440.00 | OK | |
r-oldrel-macos-arm64 | 2.5.0 | 138.00 | NOTE | |||
r-oldrel-macos-x86_64 | 2.5.0 | 179.00 | NOTE | |||
r-oldrel-windows-x86_64 | 2.5.0 | 371.00 | 169.00 | 540.00 | NOTE |
Version: 2.5.0
Check: HTML version of manual
Result: NOTE
Found the following HTML validation problems:
create_dot_body.html:60:1 (create_dot_body.Rd:17): Warning: missing </ul> before </div>
export_graphviz.html:54:1 (export_graphviz.Rd:14): Warning: missing </ul> before </div>
leaf_stats.default.html:57:1 (leaf_stats.default.Rd:15): Warning: missing </ul> before </div>
plot.rank_average_treatment_effect.html:63:1 (plot.rank_average_treatment_effect.Rd:18): Warning: missing </ul> before </div>
print.boosted_regression_forest.html:51:1 (print.boosted_regression_forest.Rd:12): Warning: missing </ul> before </div>
print.grf.html:59:1 (print.grf.Rd:16): Warning: missing </ul> before </div>
print.grf_tree.html:51:1 (print.grf_tree.Rd:12): Warning: missing </ul> before </div>
print.rank_average_treatment_effect.html:51:1 (print.rank_average_treatment_effect.Rd:12): Warning: missing </ul> before </div>
print.tuning_output.html:58:1 (print.tuning_output.Rd:16): Warning: missing </ul> before </div>
Flavor: r-devel-linux-x86_64-debian-gcc
Version: 2.5.0
Check: installed package size
Result: NOTE
installed size is 39.7Mb
sub-directories of 1Mb or more:
libs 39.1Mb
Flavors: r-oldrel-macos-arm64, r-oldrel-macos-x86_64
Version: 2.5.0
Check: for GNU extensions in Makefiles
Result: NOTE
GNU make is a SystemRequirements.
Flavors: r-oldrel-macos-arm64, r-oldrel-macos-x86_64, r-oldrel-windows-x86_64