Last updated on 2025-10-24 09:50:05 CEST.
| Flavor | Version | Tinstall | Tcheck | Ttotal | Status | Flags |
|---|---|---|---|---|---|---|
| r-devel-linux-x86_64-debian-clang | 1.6.0 | 10.05 | 320.82 | 330.87 | OK | |
| r-devel-linux-x86_64-debian-gcc | 1.6.0 | 6.35 | 214.78 | 221.13 | OK | |
| r-devel-linux-x86_64-fedora-clang | 1.6.0 | 28.00 | 482.56 | 510.56 | OK | |
| r-devel-linux-x86_64-fedora-gcc | 1.6.0 | 18.00 | 457.38 | 475.38 | OK | |
| r-devel-windows-x86_64 | 1.6.0 | 11.00 | 270.00 | 281.00 | OK | |
| r-patched-linux-x86_64 | 1.6.0 | 9.64 | 307.21 | 316.85 | OK | |
| r-release-linux-x86_64 | 1.6.0 | 8.73 | 306.35 | 315.08 | OK | |
| r-release-macos-arm64 | 1.6.0 | 4.00 | 114.00 | 118.00 | OK | |
| r-release-macos-x86_64 | 1.6.0 | 6.00 | 206.00 | 212.00 | OK | |
| r-release-windows-x86_64 | 1.6.0 | 14.00 | 270.00 | 284.00 | OK | |
| r-oldrel-macos-arm64 | 1.6.0 | 4.00 | 131.00 | 135.00 | NOTE | |
| r-oldrel-macos-x86_64 | 1.6.0 | 6.00 | 205.00 | 211.00 | NOTE | |
| r-oldrel-windows-x86_64 | 1.6.0 | 16.00 | 376.00 | 392.00 | NOTE |
Version: 1.6.0
Check: installed package size
Result: NOTE
installed size is 5.8Mb
sub-directories of 1Mb or more:
doc 5.4Mb
Flavors: r-oldrel-macos-arm64, r-oldrel-macos-x86_64, r-oldrel-windows-x86_64