CRAN Package Check Results for Package highmean

Last updated on 2025-10-25 09:49:32 CEST.

Flavor Version Tinstall Tcheck Ttotal Status Flags
r-devel-linux-x86_64-debian-clang 3.0 4.92 37.48 42.40 NOTE
r-devel-linux-x86_64-debian-gcc 3.0 3.11 27.82 30.93 NOTE
r-devel-linux-x86_64-fedora-clang 3.0 13.00 52.38 65.38 OK
r-devel-linux-x86_64-fedora-gcc 3.0 13.00 45.35 58.35 OK
r-devel-windows-x86_64 3.0 5.00 58.00 63.00 OK
r-patched-linux-x86_64 3.0 4.30 35.55 39.85 OK
r-release-linux-x86_64 3.0 4.82 34.97 39.79 OK
r-release-macos-arm64 3.0 2.00 18.00 20.00 OK
r-release-macos-x86_64 3.0 3.00 31.00 34.00 OK
r-release-windows-x86_64 3.0 5.00 58.00 63.00 OK
r-oldrel-macos-arm64 3.0 2.00 16.00 18.00 OK
r-oldrel-macos-x86_64 3.0 3.00 27.00 30.00 OK
r-oldrel-windows-x86_64 3.0 8.00 68.00 76.00 OK

Check Details

Version: 3.0
Check: CRAN incoming feasibility
Result: NOTE Maintainer: ‘Lifeng Lin <linl@umn.edu>’ No Authors@R field in DESCRIPTION. Please add one, modifying Authors@R: c(person(given = "Lifeng", family = "Lin", role = c("aut", "cre"), email = "linl@umn.edu"), person(given = "Wei", family = "Pan", role = "aut")) as necessary. Flavors: r-devel-linux-x86_64-debian-clang, r-devel-linux-x86_64-debian-gcc