Last updated on 2025-10-24 09:50:05 CEST.
| Flavor | Version | Tinstall | Tcheck | Ttotal | Status | Flags |
|---|---|---|---|---|---|---|
| r-devel-linux-x86_64-debian-clang | 0.1.0 | 2.45 | 28.56 | 31.01 | NOTE | |
| r-devel-linux-x86_64-debian-gcc | 0.1.0 | 1.84 | 23.16 | 25.00 | OK | |
| r-devel-linux-x86_64-fedora-clang | 0.1.0 | 47.92 | OK | |||
| r-devel-linux-x86_64-fedora-gcc | 0.1.0 | 56.88 | OK | |||
| r-devel-windows-x86_64 | 0.1.0 | 6.00 | 48.00 | 54.00 | OK | |
| r-patched-linux-x86_64 | 0.1.0 | 2.38 | 27.15 | 29.53 | OK | |
| r-release-linux-x86_64 | 0.1.0 | 2.19 | 27.12 | 29.31 | OK | |
| r-release-macos-arm64 | 0.1.0 | 1.00 | 28.00 | 29.00 | OK | |
| r-release-macos-x86_64 | 0.1.0 | 2.00 | 40.00 | 42.00 | OK | |
| r-release-windows-x86_64 | 0.1.0 | 4.00 | 49.00 | 53.00 | OK | |
| r-oldrel-macos-arm64 | 0.1.0 | 1.00 | 23.00 | 24.00 | OK | |
| r-oldrel-macos-x86_64 | 0.1.0 | 2.00 | 33.00 | 35.00 | OK | |
| r-oldrel-windows-x86_64 | 0.1.0 | 6.00 | 56.00 | 62.00 | OK |
Version: 0.1.0
Check: HTML version of manual
Result: NOTE
Found the following HTML validation problems:
hpackedbubble-shiny.html:68:1 (hpackedbubble-shiny.Rd:25): Warning: missing </ul> before </div>
Flavor: r-devel-linux-x86_64-debian-clang